CRAN Package Check Results for Package QAIG

Last updated on 2024-06-22 12:48:38 CEST.

Flavor Version Tinstall Tcheck Ttotal Status Flags
r-devel-linux-x86_64-debian-clang 0.1.7 3.18 37.36 40.54 NOTE
r-devel-linux-x86_64-debian-gcc 0.1.7 2.58 28.30 30.88 NOTE
r-devel-linux-x86_64-fedora-clang 0.1.7 51.94 NOTE
r-devel-linux-x86_64-fedora-gcc 0.1.7 60.75 NOTE
r-devel-windows-x86_64 0.1.7 4.00 48.00 52.00 NOTE
r-patched-linux-x86_64 0.1.7 3.55 35.93 39.48 NOTE
r-release-linux-x86_64 0.1.7 3.28 35.61 38.89 NOTE
r-release-macos-arm64 0.1.7 22.00 NOTE
r-release-macos-x86_64 0.1.7 36.00 NOTE
r-release-windows-x86_64 0.1.7 4.00 48.00 52.00 NOTE
r-oldrel-macos-arm64 0.1.7 24.00 NOTE
r-oldrel-macos-x86_64 0.1.7 37.00 NOTE
r-oldrel-windows-x86_64 0.1.7 4.00 50.00 54.00 NOTE

Check Details

Version: 0.1.7
Check: LazyData
Result: NOTE 'LazyData' is specified without a 'data' directory Flavors: r-devel-linux-x86_64-debian-clang, r-devel-linux-x86_64-debian-gcc, r-devel-linux-x86_64-fedora-clang, r-devel-linux-x86_64-fedora-gcc, r-devel-windows-x86_64, r-patched-linux-x86_64, r-release-linux-x86_64, r-release-macos-arm64, r-release-macos-x86_64, r-release-windows-x86_64, r-oldrel-macos-arm64, r-oldrel-macos-x86_64, r-oldrel-windows-x86_64