CRAN Package Check Results for Package ProcData

Last updated on 2024-02-25 01:01:13 CET.

Flavor Version Tinstall Tcheck Ttotal Status Flags
r-devel-linux-x86_64-debian-clang 0.3.2 42.87 94.42 137.29 NOTE
r-devel-linux-x86_64-debian-gcc 0.3.2 37.35 72.25 109.60 NOTE
r-devel-linux-x86_64-fedora-clang 0.3.2 194.05 NOTE
r-devel-linux-x86_64-fedora-gcc 0.3.2 190.39 NOTE
r-devel-windows-x86_64 0.3.2 38.00 110.00 148.00 OK
r-patched-linux-x86_64 0.3.2 47.50 94.71 142.21 OK
r-release-linux-x86_64 0.3.2 41.96 94.00 135.96 OK
r-release-macos-arm64 0.3.2 53.00 OK
r-release-macos-x86_64 0.3.2 89.00 OK
r-release-windows-x86_64 0.3.2 49.00 128.00 177.00 OK
r-oldrel-macos-arm64 0.3.2 46.00 OK
r-oldrel-windows-x86_64 0.3.2 44.00 119.00 163.00 OK

Check Details

Version: 0.3.2
Check: Rd files
Result: NOTE checkRd: (-1) proc.Rd:27: Lost braces in \itemize; meant \describe ? checkRd: (-1) proc.Rd:28: Lost braces in \itemize; meant \describe ? Flavors: r-devel-linux-x86_64-debian-clang, r-devel-linux-x86_64-debian-gcc, r-devel-linux-x86_64-fedora-clang, r-devel-linux-x86_64-fedora-gcc