CRAN Package Check Results for Package ProbitSpatial

Last updated on 2022-06-26 00:51:44 CEST.

Flavor Version Tinstall Tcheck Ttotal Status Flags
r-devel-linux-x86_64-debian-clang 1.1 94.74 73.16 167.90 OK
r-devel-linux-x86_64-debian-gcc 1.1 84.55 56.42 140.97 OK
r-devel-linux-x86_64-fedora-clang 1.1 243.83 NOTE
r-devel-linux-x86_64-fedora-gcc 1.1 244.00 OK
r-devel-windows-x86_64 1.1 79.00 116.00 195.00 OK
r-patched-linux-x86_64 1.1 85.32 71.69 157.01 OK
r-release-linux-x86_64 1.1 88.97 72.13 161.10 OK
r-release-macos-arm64 1.1 63.00 NOTE
r-release-macos-x86_64 1.1 82.00 NOTE
r-release-windows-x86_64 1.1 94.00 119.00 213.00 OK
r-oldrel-macos-arm64 1.1 73.00 NOTE
r-oldrel-macos-x86_64 1.1 78.00 NOTE
r-oldrel-windows-ix86+x86_64 1.1 178.00 128.00 306.00 OK

Check Details

Version: 1.1
Check: installed package size
Result: NOTE
     installed size is 17.6Mb
     sub-directories of 1Mb or more:
     libs 17.3Mb
Flavors: r-devel-linux-x86_64-fedora-clang, r-release-macos-arm64, r-release-macos-x86_64, r-oldrel-macos-arm64, r-oldrel-macos-x86_64