CRAN Package Check Results for Package ProFound

Last updated on 2022-01-26 07:52:54 CET.

Flavor Version Tinstall Tcheck Ttotal Status Flags
r-devel-linux-x86_64-debian-clang 1.14.1 62.20 102.93 165.13 OK
r-devel-linux-x86_64-debian-gcc 1.14.1 46.33 77.80 124.13 OK
r-devel-linux-x86_64-fedora-clang 1.14.1 234.50 NOTE
r-devel-linux-x86_64-fedora-gcc 1.14.1 205.42 OK
r-devel-windows-x86_64-new-UL 1.14.1 175.00 181.00 356.00 NOTE
r-devel-windows-x86_64-new-TK 1.14.1 OK
r-patched-linux-x86_64 1.14.1 63.11 101.36 164.47 OK
r-release-linux-x86_64 1.14.1 52.43 100.52 152.95 OK
r-release-macos-arm64 1.14.1 NOTE
r-release-macos-x86_64 1.14.1 NOTE
r-release-windows-ix86+x86_64 1.14.1 156.00 151.00 307.00 NOTE
r-oldrel-macos-x86_64 1.14.1 NOTE
r-oldrel-windows-ix86+x86_64 1.14.1 156.00 155.00 311.00 NOTE

Check Details

Version: 1.14.1
Check: installed package size
Result: NOTE
     installed size is 6.4Mb
     sub-directories of 1Mb or more:
     data 1.7Mb
     extdata 1.2Mb
     libs 2.4Mb
Flavors: r-devel-linux-x86_64-fedora-clang, r-devel-windows-x86_64-new-UL, r-release-macos-arm64, r-release-macos-x86_64, r-release-windows-ix86+x86_64, r-oldrel-macos-x86_64, r-oldrel-windows-ix86+x86_64

Version: 1.14.1
Check: package dependencies
Result: NOTE
    Package suggested but not available for checking: ‘EBImage’
Flavor: r-release-macos-arm64