Last updated on 2023-02-01 21:55:02 CET.
Flavor | Version | Tinstall | Tcheck | Ttotal | Status | Flags |
---|---|---|---|---|---|---|
r-devel-linux-x86_64-debian-clang | 1.2-4 | 14.15 | 135.25 | 149.40 | OK | |
r-devel-linux-x86_64-debian-gcc | 1.2-4 | 12.23 | 100.16 | 112.39 | OK | |
r-devel-linux-x86_64-fedora-clang | 1.2-4 | 193.01 | NOTE | |||
r-devel-linux-x86_64-fedora-gcc | 1.2-4 | 198.27 | NOTE | |||
r-devel-windows-x86_64 | 1.2-4 | 33.00 | 161.00 | 194.00 | OK | |
r-patched-linux-x86_64 | 1.2-4 | 16.17 | 133.17 | 149.34 | OK | |
r-release-linux-x86_64 | 1.2-4 | 12.69 | 138.72 | 151.41 | OK | |
r-release-macos-arm64 | 1.2-4 | 63.00 | NOTE | |||
r-release-macos-x86_64 | 1.2-4 | 104.00 | NOTE | |||
r-release-windows-x86_64 | 1.2-4 | 30.00 | 176.00 | 206.00 | OK | |
r-oldrel-macos-arm64 | 1.2-4 | 83.00 | NOTE | |||
r-oldrel-macos-x86_64 | 1.2-4 | 96.00 | NOTE | |||
r-oldrel-windows-ix86+x86_64 | 1.2-4 | 36.00 | 152.00 | 188.00 | OK |
Version: 1.2-4
Check: dependencies in R code
Result: NOTE
Namespace in Imports field not imported from: ‘lazyeval’
All declared Imports should be used.
Flavors: r-devel-linux-x86_64-fedora-clang, r-devel-linux-x86_64-fedora-gcc, r-release-macos-arm64, r-release-macos-x86_64, r-oldrel-macos-arm64, r-oldrel-macos-x86_64