Last updated on 2023-03-31 06:49:51 CEST.
Flavor | Version | Tinstall | Tcheck | Ttotal | Status | Flags |
---|---|---|---|---|---|---|
r-devel-linux-x86_64-debian-clang | 1.0.1 | 360.95 | 48.63 | 409.58 | OK | |
r-devel-linux-x86_64-debian-gcc | 1.0.1 | 324.29 | 38.82 | 363.11 | OK | |
r-devel-linux-x86_64-fedora-clang | 1.0.1 | 597.99 | OK | |||
r-devel-linux-x86_64-fedora-gcc | 1.0.1 | 647.22 | OK | |||
r-devel-windows-x86_64 | 1.0.1 | 345.00 | 6.00 | 351.00 | OK | |
r-patched-linux-x86_64 | 1.0.1 | 331.11 | 48.69 | 379.80 | OK | |
r-release-linux-x86_64 | 1.0.1 | 339.09 | 49.39 | 388.48 | OK | |
r-release-macos-arm64 | 1.0.1 | 175.00 | NOTE | |||
r-release-macos-x86_64 | 1.0.1 | 188.00 | NOTE | |||
r-release-windows-x86_64 | 1.0.1 | 600.00 | 130.00 | 730.00 | OK | |
r-oldrel-macos-arm64 | 1.0.1 | 180.00 | NOTE | |||
r-oldrel-macos-x86_64 | 1.0.1 | 187.00 | NOTE | |||
r-oldrel-windows-ix86+x86_64 | 1.0.1 | 796.00 | 123.00 | 919.00 | ERROR |
Version: 1.0.1
Check: installed package size
Result: NOTE
installed size is 56.9Mb
sub-directories of 1Mb or more:
libs 56.6Mb
Flavors: r-release-macos-arm64, r-release-macos-x86_64, r-oldrel-macos-arm64, r-oldrel-macos-x86_64, r-oldrel-windows-ix86+x86_64
Version: 1.0.1
Check: whether package can be installed
Result: WARN
Found the following significant warnings:
d:/RCompile/CRANpkg/lib/4.1/BH/include/boost/container/detail/copy_move_algo.hpp:226:19: warning: 'void* memmove(void*, const void*, size_t)' writing to an object of type 'value_type' {aka 'struct std::pair<CGAL::internal::CC_iterator<CGAL::Compact_container<CGAL::Delaunay_triangulation_cell_base_3<CGAL::Epeck, CGAL::Triangulation_cell_base_3<CGAL::Epeck, CGAL::Triangulation_ds_cell_base_3<CGAL::Triangulation_data_structure_3<CGAL::Triangulation_vertex_base_with_info_3<int, CGAL::Epeck, CGAL::Triangulation_vertex_base_3<CGAL::Epeck, CGAL::Triangulation_ds_vertex_base_3<void> > >, CGAL::Delaunay_triangulation_cell_base_3<CGAL::Epeck, CGAL::Triangulation_cell_base_3<CGAL::Epeck, CGAL::Triangulation_ds_cell_base_3<void> > >, CGAL::Sequential_tag> > > >, CGAL::Default, CGAL::Default, CGAL::Default>, false>, int>'} with no trivial copy-assignment; use copy-assignment or copy-initialization instead [-Wclass-memaccess]
d:/RCompile/CRANpkg/lib/4.1/BH/include/boost/container/detail/copy_move_algo.hpp:226:19: warning: 'void* memmove(void*, const void*, size_t)' writing to an object of type 'value_type' {aka 'struct std::pair<CGAL::internal::CC_iterator<CGAL::Compact_container<CGAL::Delaunay_triangulation_cell_base_3<CGAL::Cartesian<CGAL::Gmpq>, CGAL::Triangulation_cell_base_3<CGAL::Cartesian<CGAL::Gmpq>, CGAL::Triangulation_ds_cell_base_3<CGAL::Triangulation_data_structure_3<CGAL::Triangulation_vertex_base_with_info_3<int, CGAL::Cartesian<CGAL::Gmpq>, CGAL::Triangulation_vertex_base_3<CGAL::Cartesian<CGAL::Gmpq>, CGAL::Triangulation_ds_vertex_base_3<void> > >, CGAL::Delaunay_triangulation_cell_base_3<CGAL::Cartesian<CGAL::Gmpq>, CGAL::Triangulation_cell_base_3<CGAL::Cartesian<CGAL::Gmpq>, CGAL::Triangulation_ds_cell_base_3<void> > >, CGAL::Sequential_tag> > > >, CGAL::Default, CGAL::Default, CGAL::Default>, false>, int>'} with no trivial copy-assignment; use copy-assignment or copy-initialization instead [-Wclass-memaccess]
d:/RCompile/CRANpkg/lib/4.1/BH/include/boost/container/detail/copy_move_algo.hpp:226:19: warning: 'void* memmove(void*, const void*, size_t)' writing to an object of type 'value_type' {aka 'struct std::pair<CGAL::internal::CC_iterator<CGAL::Compact_container<CGAL::Constrained_triangulation_face_base_2<CGAL::Projection_traits_3<CGAL::Cartesian<CGAL::Gmpq>, false>, CGAL::Triangulation_face_base_with_info_2<bool, CGAL::Projection_traits_3<CGAL::Cartesian<CGAL::Gmpq>, false>, CGAL::Triangulation_face_base_2<CGAL::Projection_traits_3<CGAL::Cartesian<CGAL::Gmpq>, false>, CGAL::Triangulation_ds_face_base_2<CGAL::Triangulation_data_structure_2<CGAL::Triangulation_vertex_base_with_info_2<unsigned int, CGAL::Projection_traits_3<CGAL::Cartesian<CGAL::Gmpq>, false>, CGAL::Triangulation_vertex_base_2<CGAL::Projection_traits_3<CGAL::Cartesian<CGAL::Gmpq>, false>, CGAL::Triangulation_ds_vertex_base_2<void> > >, CGAL::Constrained_triangulation_face_base_2<CGAL::Projection_traits_3<CGAL::Cartesian<CGAL::Gmpq>, false>, CGAL::Triangulation_face_base_with_info_2<bool, CGAL::Projection_traits_3<CGAL::Cartesian<CGAL::Gmpq>, false>, CGAL::Triangulation_face_base_2<CGAL::Projection_traits_3<CGAL::Cartesian<CGAL::Gmpq>, false>, CGAL::Triangulation_ds_face_base_2<void> > > > > > > > >, CGAL::Default, CGAL::Default, CGAL::Default>, false>, int>'} with no trivial copy-assignment; use copy-assignment or copy-initialization instead [-Wclass-memaccess]
d:/RCompile/CRANpkg/lib/4.1/BH/include/boost/container/detail/copy_move_algo.hpp:226:19: warning: 'void* memmove(void*, const void*, size_t)' writing to an object of type 'value_type' {aka 'struct std::pair<CGAL::internal::CC_iterator<CGAL::Compact_container<CGAL::Constrained_triangulation_face_base_2<CGAL::Projection_traits_3<CGAL::Epeck, true>, CGAL::Triangulation_face_base_with_info_2<bool, CGAL::Projection_traits_3<CGAL::Epeck, true>, CGAL::Triangulation_face_base_2<CGAL::Projection_traits_3<CGAL::Epeck, true>, CGAL::Triangulation_ds_face_base_2<CGAL::Triangulation_data_structure_2<CGAL::Triangulation_vertex_base_with_info_2<unsigned int, CGAL::Projection_traits_3<CGAL::Epeck, true>, CGAL::Triangulation_vertex_base_2<CGAL::Projection_traits_3<CGAL::Epeck, true>, CGAL::Triangulation_ds_vertex_base_2<void> > >, CGAL::Constrained_triangulation_face_base_2<CGAL::Projection_traits_3<CGAL::Epeck, true>, CGAL::Triangulation_face_base_with_info_2<bool, CGAL::Projection_traits_3<CGAL::Epeck, true>, CGAL::Triangulation_face_base_2<CGAL::Projection_traits_3<CGAL::Epeck, true>, CGAL::Triangulation_ds_face_base_2<void> > > > > > > > >, CGAL::Default, CGAL::Default, CGAL::Default>, false>, int>'} with no trivial copy-assignment; use copy-assignment or copy-initialization instead [-Wclass-memaccess]
d:/RCompile/CRANpkg/lib/4.1/BH/include/boost/container/detail/copy_move_algo.hpp:226:19: warning: 'void* memmove(void*, const void*, size_t)' writing to an object of type 'value_type' {aka 'struct std::pair<CGAL::internal::CC_iterator<CGAL::Compact_container<CGAL::Constrained_triangulation_face_base_2<CGAL::Projection_traits_3<CGAL::Cartesian<CGAL::Gmpq>, false>, CGAL::Triangulation_face_base_with_info_2<CGAL::Polygon_mesh_processing::internal::Triangulate_modifier<CGAL::Surface_mesh<CGAL::Point_3<CGAL::Cartesian<CGAL::Gmpq> > >, CGAL::Surface_mesh<CGAL::Point_3<CGAL::Cartesian<CGAL::Gmpq> > >::Property_map<CGAL::SM_Vertex_index, CGAL::Point_3<CGAL::Cartesian<CGAL::Gmpq> > >, CGAL::Cartesian<CGAL::Gmpq>, CGAL::Polygon_mesh_processing::Triangulate_faces::Default_visitor<CGAL::Surface_mesh<CGAL::Point_3<CGAL::Cartesian<CGAL::Gmpq> > > > >::Face_info, CGAL::Projection_traits_3<CGAL::Cartesian<CGAL::Gmpq>, false>, CGAL::Triangulation_face_base_2<CGAL::Projection_traits_3<CGAL::Cartesian<CGAL::Gmpq>, false>, CGAL::Triangulation_ds_face_base_2<CGAL::Triangulation_data_structure_2<CGAL::Triangulation_vertex_base_with_info_2<CGAL::SM_Halfedge_index, CGAL::Projection_traits_3<CGAL::Cartesian<CGAL::Gmpq>, false>, CGAL::Triangulation_vertex_base_2<CGAL::Projection_traits_3<CGAL::Cartesian<CGAL::Gmpq>, false>, CGAL::Triangulation_ds_vertex_base_2<void> > >, CGAL::Constrained_triangulation_face_base_2<CGAL::Projection_traits_3<CGAL::Cartesian<CGAL::Gmpq>, false>, CGAL::Triangulation_face_base_with_info_2<CGAL::Polygon_mesh_processing::internal::Triangulate_modifier<CGAL::Surface_mesh<CGAL::Point_3<CGAL::Cartesian<CGAL::Gmpq> > >, CGAL::Surface_mesh<CGAL::Point_3<CGAL::Cartesian<CGAL::Gmpq> > >::Property_map<CGAL::SM_Vertex_index, CGAL::Point_3<CGAL::Cartesian<CGAL::Gmpq> > >, CGAL::Cartesian<CGAL::Gmpq>, CGAL::Polygon_mesh_processing::Triangulate_faces::Default_visitor<CGAL::Surface_mesh<CGAL::Point_3<CGAL::Cartesian<CGAL::Gmpq> > > > >::Face_info, CGAL::Projection_traits_3<CGAL::Cartesian<CGAL::Gmpq>, false>, CGAL::Triangulation_face_base_2<CGAL::Projection_traits_3<CGAL::Cartesian<CGAL::Gmpq>, false>, CGAL::Triangulation_ds_face_base_2<void> > > > > > > > >, CGAL::Default, CGAL::Default, CGAL::Default>, false>, int>'} with no trivial copy-assignment; use copy-assignment or copy-initialization instead [-Wclass-memaccess]
d:/RCompile/CRANpkg/lib/4.1/BH/include/boost/container/detail/copy_move_algo.hpp:226:19: warning: 'void* memmove(void*, const void*, size_t)' writing to an object of type 'value_type' {aka 'struct std::pair<CGAL::internal::CC_iterator<CGAL::Compact_container<CGAL::Constrained_triangulation_face_base_2<CGAL::Projection_traits_3<CGAL::Epeck, true>, CGAL::Triangulation_face_base_with_info_2<CGAL::Polygon_mesh_processing::internal::Triangulate_modifier<CGAL::Surface_mesh<CGAL::Point_3<CGAL::Epeck> >, CGAL::Surface_mesh<CGAL::Point_3<CGAL::Epeck> >::Property_map<CGAL::SM_Vertex_index, CGAL::Point_3<CGAL::Epeck> >, CGAL::Epeck, CGAL::Polygon_mesh_processing::Triangulate_faces::Default_visitor<CGAL::Surface_mesh<CGAL::Point_3<CGAL::Epeck> > > >::Face_info, CGAL::Projection_traits_3<CGAL::Epeck, true>, CGAL::Triangulation_face_base_2<CGAL::Projection_traits_3<CGAL::Epeck, true>, CGAL::Triangulation_ds_face_base_2<CGAL::Triangulation_data_structure_2<CGAL::Triangulation_vertex_base_with_info_2<CGAL::SM_Halfedge_index, CGAL::Projection_traits_3<CGAL::Epeck, true>, CGAL::Triangulation_vertex_base_2<CGAL::Projection_traits_3<CGAL::Epeck, true>, CGAL::Triangulation_ds_vertex_base_2<void> > >, CGAL::Constrained_triangulation_face_base_2<CGAL::Projection_traits_3<CGAL::Epeck, true>, CGAL::Triangulation_face_base_with_info_2<CGAL::Polygon_mesh_processing::internal::Triangulate_modifier<CGAL::Surface_mesh<CGAL::Point_3<CGAL::Epeck> >, CGAL::Surface_mesh<CGAL::Point_3<CGAL::Epeck> >::Property_map<CGAL::SM_Vertex_index, CGAL::Point_3<CGAL::Epeck> >, CGAL::Epeck, CGAL::Polygon_mesh_processing::Triangulate_faces::Default_visitor<CGAL::Surface_mesh<CGAL::Point_3<CGAL::Epeck> > > >::Face_info, CGAL::Projection_traits_3<CGAL::Epeck, true>, CGAL::Triangulation_face_base_2<CGAL::Projection_traits_3<CGAL::Epeck, true>, CGAL::Triangulation_ds_face_base_2<void> > > > > > > > >, CGAL::Default, CGAL::Default, CGAL::Default>, false>, int>'} with no trivial copy-assignment; use copy-assignment or copy-initialization instead [-Wclass-memaccess]
d:/RCompile/CRANpkg/lib/4.1/BH/include/boost/container/detail/copy_move_algo.hpp:226:19: warning: 'void* memmove(void*, const void*, size_t)' writing to an object of type 'value_type' {aka 'struct std::pair<CGAL::SM_Halfedge_index, CGAL::SM_Halfedge_index>'} with no trivial copy-assignment; use copy-assignment or copy-initialization instead [-Wclass-memaccess]
d:/RCompile/CRANpkg/lib/4.1/BH/include/boost/container/detail/copy_move_algo.hpp:226:19: warning: 'void* memmove(void*, const void*, size_t)' writing to an object of type 'value_type' {aka 'struct std::pair<CGAL::internal::CC_iterator<CGAL::Compact_container<CGAL::Constrained_triangulation_face_base_2<CGAL::Projection_traits_3<CGAL::Cartesian<CGAL::Gmpq>, false>, CGAL::Triangulation_face_base_with_info_2<bool, CGAL::Projection_traits_3<CGAL::Cartesian<CGAL::Gmpq>, false>, CGAL::Triangulation_face_base_2<CGAL::Projection_traits_3<CGAL::Cartesian<CGAL::Gmpq>, false>, CGAL::Triangulation_ds_face_base_2<CGAL::Triangulation_data_structure_2<CGAL::Triangulation_vertex_base_with_info_2<long long unsigned int, CGAL::Projection_traits_3<CGAL::Cartesian<CGAL::Gmpq>, false>, CGAL::Triangulation_vertex_base_2<CGAL::Projection_traits_3<CGAL::Cartesian<CGAL::Gmpq>, false>, CGAL::Triangulation_ds_vertex_base_2<void> > >, CGAL::Constrained_triangulation_face_base_2<CGAL::Projection_traits_3<CGAL::Cartesian<CGAL::Gmpq>, false>, CGAL::Triangulation_face_base_with_info_2<bool, CGAL::Projection_traits_3<CGAL::Cartesian<CGAL::Gmpq>, false>, CGAL::Triangulation_face_base_2<CGAL::Projection_traits_3<CGAL::Cartesian<CGAL::Gmpq>, false>, CGAL::Triangulation_ds_face_base_2<void> > > > > > > > >, CGAL::Default, CGAL::Default, CGAL::Default>, false>, int>'} with no trivial copy-assignment; use copy-assignment or copy-initialization instead [-Wclass-memaccess]
d:/RCompile/CRANpkg/lib/4.1/BH/include/boost/container/detail/copy_move_algo.hpp:226:19: warning: 'void* memmove(void*, const void*, size_t)' writing to an object of type 'value_type' {aka 'struct std::pair<CGAL::internal::CC_iterator<CGAL::Compact_container<CGAL::Constrained_triangulation_face_base_2<CGAL::Projection_traits_3<CGAL::Epeck, true>, CGAL::Triangulation_face_base_with_info_2<bool, CGAL::Projection_traits_3<CGAL::Epeck, true>, CGAL::Triangulation_face_base_2<CGAL::Projection_traits_3<CGAL::Epeck, true>, CGAL::Triangulation_ds_face_base_2<CGAL::Triangulation_data_structure_2<CGAL::Triangulation_vertex_base_with_info_2<long long unsigned int, CGAL::Projection_traits_3<CGAL::Epeck, true>, CGAL::Triangulation_vertex_base_2<CGAL::Projection_traits_3<CGAL::Epeck, true>, CGAL::Triangulation_ds_vertex_base_2<void> > >, CGAL::Constrained_triangulation_face_base_2<CGAL::Projection_traits_3<CGAL::Epeck, true>, CGAL::Triangulation_face_base_with_info_2<bool, CGAL::Projection_traits_3<CGAL::Epeck, true>, CGAL::Triangulation_face_base_2<CGAL::Projection_traits_3<CGAL::Epeck, true>, CGAL::Triangulation_ds_face_base_2<void> > > > > > > > >, CGAL::Default, CGAL::Default, CGAL::Default>, false>, int>'} with no trivial copy-assignment; use copy-assignment or copy-initialization instead [-Wclass-memaccess]
Flavor: r-oldrel-windows-ix86+x86_64
Version: 1.0.1
Check: running examples for arch ‘i386’
Result: ERROR
Running examples in 'PolygonSoup-Ex.R' failed
The error most likely occurred in:
> ### Name: toRGL
> ### Title: Conversion to 'rgl' mesh
> ### Aliases: toRGL
>
> ### ** Examples
>
> library(PolygonSoup)
> library(rgl)
> mesh <- Mesh(
+ truncatedIcosahedron[["vertices"]], truncatedIcosahedron[["faces"]],
+ triangulate = TRUE
+ )
â<c2><80><c2><94> Processing mesh...
Successful polygon orientation.
The mesh is not triangle; no way to ensure it bounds a volume and whether it is outward oriented.
The mesh is closed.
Triangulation.
The mesh bounds a volume.
... done.
> rglmesh <- toRGL(mesh, segments = t(mesh[["edges"]]))
> open3d(windowRect = c(50, 50, 562, 562), zoom = 0.9)
wgl
6
> shade3d(rglmesh, color = "darkred")
>
>
>
> ### * <FOOTER>
> ###
> cleanEx()
detaching 'package:rgl'
> options(digits = 7L)
> base::cat("Time elapsed: ", proc.time() - base::get("ptime", pos = 'CheckExEnv'),"\n")
Time elapsed: 3.74 0.38 4.82 NA NA
> grDevices::dev.off()
null device
1
> ###
> ### Local variables: ***
> ### mode: outline-minor ***
> ### outline-regexp: "\\(> \\)?### [*]+" ***
> ### End: ***
> quit('no')
Flavor: r-oldrel-windows-ix86+x86_64