CRAN Package Check Results for Package PoisBinNonNor

Last updated on 2021-09-19 13:49:26 CEST.

Flavor Version Tinstall Tcheck Ttotal Status Flags
r-devel-linux-x86_64-debian-clang 1.3.3 8.31 65.53 73.84 OK
r-devel-linux-x86_64-debian-gcc 1.3.3 7.22 50.27 57.49 OK
r-devel-linux-x86_64-fedora-clang 1.3.3 106.17 OK
r-devel-linux-x86_64-fedora-gcc 1.3.3 85.79 OK
r-devel-windows-x86_64 1.3.3 11.00 97.00 108.00 OK
r-devel-windows-x86_64-gcc10-UCRT 1.3.3 ERROR
r-patched-linux-x86_64 1.3.3 7.98 63.46 71.44 OK
r-patched-solaris-x86 1.3.3 134.00 OK
r-release-linux-x86_64 1.3.3 8.53 63.08 71.61 OK
r-release-macos-arm64 1.3.3 OK
r-release-macos-x86_64 1.3.3 OK
r-release-windows-ix86+x86_64 1.3.3 20.00 90.00 110.00 OK
r-oldrel-macos-x86_64 1.3.3 OK
r-oldrel-windows-ix86+x86_64 1.3.3 18.00 68.00 86.00 OK

Check Details

Version: 1.3.3
Check: whether package can be installed
Result: WARN
    Found the following significant warnings:
     WARNING: installation-time patches will not be applied, could not get the patches index
Flavor: r-devel-windows-x86_64-gcc10-UCRT

Version: 1.3.3
Check: PDF version of manual
Result: WARN
    LaTeX errors when creating PDF version.
    This typically indicates Rd problems.
Flavor: r-devel-windows-x86_64-gcc10-UCRT

Version: 1.3.3
Check: PDF version of manual without hyperrefs or index
Result: ERROR
    Re-running with no redirection of stdout/stderr.
Flavor: r-devel-windows-x86_64-gcc10-UCRT