CRAN Package Check Results for Package PoDBAY

Last updated on 2024-02-21 12:53:08 CET.

Flavor Version Tinstall Tcheck Ttotal Status Flags
r-devel-linux-x86_64-debian-clang 1.4.3 OK
r-devel-linux-x86_64-debian-gcc 1.4.3 19.31 97.46 116.77 OK
r-devel-linux-x86_64-fedora-clang 1.4.3 211.76 NOTE
r-devel-linux-x86_64-fedora-gcc 1.4.3 206.10 NOTE
r-devel-windows-x86_64 1.4.3 23.00 186.00 209.00 OK
r-patched-linux-x86_64 1.4.3 21.71 134.51 156.22 OK
r-release-linux-x86_64 1.4.3 22.68 132.84 155.52 OK
r-release-macos-arm64 1.4.3 68.00 OK
r-release-macos-x86_64 1.4.3 108.00 OK
r-release-windows-x86_64 1.4.3 29.00 199.00 228.00 OK
r-oldrel-macos-arm64 1.4.3 64.00 NOTE
r-oldrel-windows-x86_64 1.4.3 30.00 196.00 226.00 OK

Check Details

Version: 1.4.3
Check: dependencies in R code
Result: NOTE Namespace in Imports field not imported from: ‘dplyr’ All declared Imports should be used. Flavors: r-devel-linux-x86_64-fedora-clang, r-devel-linux-x86_64-fedora-gcc, r-oldrel-macos-arm64