CRAN Package Check Results for Package Plasmidprofiler

Last updated on 2022-09-26 06:51:19 CEST.

Flavor Version Tinstall Tcheck Ttotal Status Flags
r-devel-linux-x86_64-debian-clang 0.1.6 8.32 79.61 87.93 NOTE
r-devel-linux-x86_64-debian-gcc 0.1.6 7.54 59.40 66.94 NOTE
r-devel-linux-x86_64-fedora-clang 0.1.6 120.82 NOTE
r-devel-linux-x86_64-fedora-gcc 0.1.6 113.00 NOTE
r-devel-windows-x86_64 0.1.6 32.00 112.00 144.00 OK
r-patched-linux-x86_64 0.1.6 8.41 75.67 84.08 NOTE
r-release-linux-x86_64 0.1.6 7.40 73.33 80.73 NOTE
r-release-macos-arm64 0.1.6 30.00 OK
r-release-macos-x86_64 0.1.6 55.00 OK
r-release-windows-x86_64 0.1.6 51.00 108.00 159.00 OK
r-oldrel-macos-arm64 0.1.6 33.00 OK
r-oldrel-macos-x86_64 0.1.6 44.00 OK
r-oldrel-windows-ix86+x86_64 0.1.6 21.00 105.00 126.00 OK

Check Details

Version: 0.1.6
Check: for non-standard things in the check directory
Result: NOTE
    Found the following files/directories:
     'P2Run.csv' 'P2Run.html' 'P2Run.png'
Flavors: r-devel-linux-x86_64-debian-clang, r-devel-linux-x86_64-debian-gcc, r-devel-linux-x86_64-fedora-clang, r-devel-linux-x86_64-fedora-gcc, r-patched-linux-x86_64, r-release-linux-x86_64