CRAN Package Check Results for Package PerformanceAnalytics

Last updated on 2021-09-23 19:51:56 CEST.

Flavor Version Tinstall Tcheck Ttotal Status Flags
r-devel-linux-x86_64-debian-clang 2.0.4 22.12 391.00 413.12 OK
r-devel-linux-x86_64-debian-gcc 2.0.4 20.02 286.15 306.17 OK
r-devel-linux-x86_64-fedora-clang 2.0.4 273.81 NOTE
r-devel-linux-x86_64-fedora-gcc 2.0.4 509.25 OK
r-devel-windows-x86_64 2.0.4 26.00 185.00 211.00 OK --no-vignettes
r-devel-windows-x86_64-gcc10-UCRT 2.0.4 OK
r-patched-linux-x86_64 2.0.4 26.09 355.62 381.71 OK
r-patched-solaris-x86 2.0.4 611.10 OK
r-release-linux-x86_64 2.0.4 24.81 352.12 376.93 OK
r-release-macos-arm64 2.0.4 OK
r-release-macos-x86_64 2.0.4 OK
r-release-windows-ix86+x86_64 2.0.4 49.00 266.00 315.00 OK --no-vignettes
r-oldrel-macos-x86_64 2.0.4 OK
r-oldrel-windows-ix86+x86_64 2.0.4 33.00 274.00 307.00 OK --no-vignettes

Additional issues

noLD

Check Details

Version: 2.0.4
Check: Rd cross-references
Result: NOTE
    Undeclared packages ‘timeSeries’, ‘tseries’, ‘car’, ‘gplots’ in Rd xrefs
Flavor: r-devel-linux-x86_64-fedora-clang