CRAN Package Check Results for Package PenIC

Last updated on 2022-10-02 00:55:15 CEST.

Flavor Version Tinstall Tcheck Ttotal Status Flags
r-devel-linux-x86_64-debian-clang 1.0.0 6.56 71.17 77.73 NOTE
r-devel-linux-x86_64-debian-gcc 1.0.0 6.24 53.56 59.80 NOTE
r-devel-linux-x86_64-fedora-clang 1.0.0 112.15 NOTE
r-devel-linux-x86_64-fedora-gcc 1.0.0 101.06 NOTE
r-devel-windows-x86_64 1.0.0 12.00 97.00 109.00 NOTE
r-patched-linux-x86_64 1.0.0 6.62 66.89 73.51 NOTE
r-release-linux-x86_64 1.0.0 7.69 65.14 72.83 NOTE
r-release-macos-arm64 1.0.0 29.00 NOTE
r-release-macos-x86_64 1.0.0 43.00 NOTE
r-release-windows-x86_64 1.0.0 13.00 98.00 111.00 NOTE
r-oldrel-macos-arm64 1.0.0 34.00 NOTE
r-oldrel-macos-x86_64 1.0.0 54.00 NOTE
r-oldrel-windows-ix86+x86_64 1.0.0 17.00 92.00 109.00 NOTE

Check Details

Version: 1.0.0
Check: LazyData
Result: NOTE
     'LazyData' is specified without a 'data' directory
Flavors: r-devel-linux-x86_64-debian-clang, r-devel-linux-x86_64-debian-gcc, r-devel-linux-x86_64-fedora-clang, r-devel-linux-x86_64-fedora-gcc, r-devel-windows-x86_64, r-patched-linux-x86_64, r-release-linux-x86_64, r-release-macos-arm64, r-release-macos-x86_64, r-release-windows-x86_64, r-oldrel-macos-arm64, r-oldrel-macos-x86_64, r-oldrel-windows-ix86+x86_64