CRAN Package Check Results for Package PanelCount

Last updated on 2022-09-30 12:55:15 CEST.

Flavor Version Tinstall Tcheck Ttotal Status Flags
r-devel-linux-x86_64-debian-clang 1.0.9 36.46 38.53 74.99 OK
r-devel-linux-x86_64-debian-gcc 1.0.9 23.20 29.54 52.74 OK
r-devel-linux-x86_64-fedora-clang 1.0.9 112.37 NOTE
r-devel-linux-x86_64-fedora-gcc 1.0.9 99.78 NOTE
r-devel-windows-x86_64 1.0.9 39.00 85.00 124.00 OK
r-patched-linux-x86_64 1.0.9 32.17 36.91 69.08 OK
r-release-linux-x86_64 1.0.9 25.48 37.35 62.83 OK
r-release-macos-arm64 1.0.9 25.00 OK
r-release-macos-x86_64 1.0.9 36.00 OK
r-release-windows-x86_64 1.0.9 36.00 81.00 117.00 OK
r-oldrel-macos-arm64 1.0.9 29.00 OK
r-oldrel-macos-x86_64 1.0.9 46.00 OK
r-oldrel-windows-ix86+x86_64 1.0.9 80.00 83.00 163.00 OK

Check Details

Version: 1.0.9
Check: compiled code
Result: NOTE
    File ‘PanelCount/libs/PanelCount.so’:
     Found no calls to: ‘R_registerRoutines’, ‘R_useDynamicSymbols’
    
    It is good practice to register native routines and to disable symbol
    search.
    
    See ‘Writing portable packages’ in the ‘Writing R Extensions’ manual.
Flavors: r-devel-linux-x86_64-fedora-clang, r-devel-linux-x86_64-fedora-gcc