CRAN Package Check Results for Package PandemicLP

Last updated on 2021-08-05 01:49:43 CEST.

Flavor Version Tinstall Tcheck Ttotal Status Flags
r-devel-linux-x86_64-debian-clang 0.2.1 341.52 150.98 492.50 NOTE
r-devel-linux-x86_64-debian-gcc 0.2.1 289.78 126.64 416.42 NOTE
r-devel-linux-x86_64-fedora-clang 0.2.1 666.67 NOTE
r-devel-linux-x86_64-fedora-gcc 0.2.1 709.28 NOTE
r-devel-windows-x86_64 0.2.1 371.00 264.00 635.00 NOTE
r-devel-windows-x86_64-gcc10-UCRT 0.2.1 NOTE
r-patched-linux-x86_64 0.2.1 325.31 157.23 482.54 NOTE
r-patched-solaris-x86 0.2.1 664.90 WARN
r-release-linux-x86_64 0.2.1 324.64 157.67 482.31 NOTE
r-release-macos-arm64 0.2.1 WARN
r-release-macos-x86_64 0.2.1 WARN
r-release-windows-ix86+x86_64 0.2.1 738.00 283.00 1021.00 NOTE
r-oldrel-macos-x86_64 0.2.1 WARN
r-oldrel-windows-ix86+x86_64 0.2.1 746.00 302.00 1048.00 NOTE

Check Details

Version: 0.2.1
Check: for GNU extensions in Makefiles
Result: NOTE
    GNU make is a SystemRequirements.
Flavors: r-devel-linux-x86_64-debian-clang, r-devel-linux-x86_64-debian-gcc, r-devel-linux-x86_64-fedora-clang, r-devel-linux-x86_64-fedora-gcc, r-devel-windows-x86_64, r-devel-windows-x86_64-gcc10-UCRT, r-patched-linux-x86_64, r-patched-solaris-x86, r-release-linux-x86_64, r-release-macos-arm64, r-release-macos-x86_64, r-release-windows-ix86+x86_64, r-oldrel-macos-x86_64, r-oldrel-windows-ix86+x86_64

Version: 0.2.1
Check: installed package size
Result: NOTE
     installed size is 59.7Mb
     sub-directories of 1Mb or more:
     doc 9.3Mb
     libs 49.9Mb
Flavors: r-devel-linux-x86_64-fedora-clang, r-devel-windows-x86_64, r-patched-solaris-x86, r-release-macos-arm64, r-release-macos-x86_64, r-release-windows-ix86+x86_64, r-oldrel-macos-x86_64, r-oldrel-windows-ix86+x86_64

Version: 0.2.1
Check: line endings in C/C++/Fortran sources/headers
Result: NOTE
    Found the following sources/headers with CR or CRLF line endings:
     src/RcppExports.cpp
    Some Unix compilers require LF line endings.
Flavor: r-devel-windows-x86_64-gcc10-UCRT

Version: 0.2.1
Check: re-building of vignette outputs
Result: WARN
    Error(s) in re-building vignettes:
     ...
    --- re-building ‘PandemicLP.Rmd’ using rmarkdown
    Warning in engine$weave(file, quiet = quiet, encoding = enc) :
     Pandoc (>= 1.12.3) not available. Falling back to R Markdown v1.
    Quitting from lines 28-30 (PandemicLP.Rmd)
    Error: processing vignette 'PandemicLP.Rmd' failed with diagnostics:
    invalid 'path' argument
    --- failed re-building ‘PandemicLP.Rmd’
    
    --- re-building ‘PandemicLP_SumRegions.Rmd’ using rmarkdown
    Warning in engine$weave(file, quiet = quiet, encoding = enc) :
     Pandoc (>= 1.12.3) not available. Falling back to R Markdown v1.
    trying URL 'http://github.com/CovidLP/PandemicLP/raw/master/temp/PandemicLP_SumRegions.rda'
    Content type 'application/octet-stream' length 13851069 bytes (13.2 MB)
    ==================================================
    downloaded 13.2 MB
    
    trying URL 'http://github.com/CovidLP/PandemicLP/raw/master/temp/PandemicLP_SumRegions.rda'
    Content type 'application/octet-stream' length 13851069 bytes (13.2 MB)
    ==================================================
    downloaded 13.2 MB
    
    Quitting from lines 172-175 (PandemicLP_SumRegions.Rmd)
    Error: processing vignette 'PandemicLP_SumRegions.Rmd' failed with diagnostics:
    invalid 'path' argument
    --- failed re-building ‘PandemicLP_SumRegions.Rmd’
    
    SUMMARY: processing the following files failed:
     ‘PandemicLP.Rmd’ ‘PandemicLP_SumRegions.Rmd’
    
    Error: Vignette re-building failed.
    Execution halted
Flavor: r-patched-solaris-x86

Version: 0.2.1
Check: re-building of vignette outputs
Result: WARN
    Error(s) in re-building vignettes:
    --- re-building ‘PandemicLP.Rmd’ using rmarkdown
    Warning in engine$weave(file, quiet = quiet, encoding = enc) :
     Pandoc (>= 1.12.3) not available. Falling back to R Markdown v1.
    trying URL 'http://github.com/CovidLP/PandemicLP/raw/master/temp/PandemicLP.rda'
    Content type 'application/octet-stream' length 5854806 bytes (5.6 MB)
    ==================================================
    downloaded 5.6 MB
    
    Quitting from lines 55-57 (PandemicLP.Rmd)
    Error: processing vignette 'PandemicLP.Rmd' failed with diagnostics:
    polygon edge not found
    --- failed re-building ‘PandemicLP.Rmd’
    
    --- re-building ‘PandemicLP_SumRegions.Rmd’ using rmarkdown
    Warning in engine$weave(file, quiet = quiet, encoding = enc) :
     Pandoc (>= 1.12.3) not available. Falling back to R Markdown v1.
    trying URL 'http://github.com/CovidLP/PandemicLP/raw/master/temp/PandemicLP_SumRegions.rda'
    Content type 'application/octet-stream' length 13851069 bytes (13.2 MB)
    ==================================================
    downloaded 13.2 MB
    
    trying URL 'http://github.com/CovidLP/PandemicLP/raw/master/temp/PandemicLP_SumRegions.rda'
    Content type 'application/octet-stream' length 13851069 bytes (13.2 MB)
    ==================================================
    downloaded 13.2 MB
    
    --- finished re-building ‘PandemicLP_SumRegions.Rmd’
    
    SUMMARY: processing the following file failed:
     ‘PandemicLP.Rmd’
    
    Error: Vignette re-building failed.
    Execution halted
Flavor: r-release-macos-arm64

Version: 0.2.1
Check: re-building of vignette outputs
Result: WARN
    Error(s) in re-building vignettes:
    --- re-building ‘PandemicLP.Rmd’ using rmarkdown
    Warning in engine$weave(file, quiet = quiet, encoding = enc) :
     Pandoc (>= 1.12.3) not available. Falling back to R Markdown v1.
    Quitting from lines 28-30 (PandemicLP.Rmd)
    Error: processing vignette 'PandemicLP.Rmd' failed with diagnostics:
    invalid 'path' argument
    --- failed re-building ‘PandemicLP.Rmd’
    
    --- re-building ‘PandemicLP_SumRegions.Rmd’ using rmarkdown
    Warning in engine$weave(file, quiet = quiet, encoding = enc) :
     Pandoc (>= 1.12.3) not available. Falling back to R Markdown v1.
    trying URL 'http://github.com/CovidLP/PandemicLP/raw/master/temp/PandemicLP_SumRegions.rda'
    Content type 'application/octet-stream' length 13851069 bytes (13.2 MB)
    ==================================================
    downloaded 13.2 MB
    
    trying URL 'http://github.com/CovidLP/PandemicLP/raw/master/temp/PandemicLP_SumRegions.rda'
    Content type 'application/octet-stream' length 13851069 bytes (13.2 MB)
    ==================================================
    downloaded 13.2 MB
    
    Quitting from lines 172-175 (PandemicLP_SumRegions.Rmd)
    Error: processing vignette 'PandemicLP_SumRegions.Rmd' failed with diagnostics:
    invalid 'path' argument
    --- failed re-building ‘PandemicLP_SumRegions.Rmd’
    
    SUMMARY: processing the following files failed:
     ‘PandemicLP.Rmd’ ‘PandemicLP_SumRegions.Rmd’
    
    Error: Vignette re-building failed.
    Execution halted
Flavor: r-release-macos-x86_64

Version: 0.2.1
Check: re-building of vignette outputs
Result: WARN
    Error(s) in re-building vignettes:
    --- re-building ‘PandemicLP.Rmd’ using rmarkdown
    Warning in engine$weave(file, quiet = quiet, encoding = enc) :
     Pandoc (>= 1.12.3) and/or pandoc-citeproc not available. Falling back to R Markdown v1.
    Quitting from lines 28-30 (PandemicLP.Rmd)
    Error: processing vignette 'PandemicLP.Rmd' failed with diagnostics:
    invalid 'path' argument
    --- failed re-building ‘PandemicLP.Rmd’
    
    --- re-building ‘PandemicLP_SumRegions.Rmd’ using rmarkdown
    Warning in engine$weave(file, quiet = quiet, encoding = enc) :
     Pandoc (>= 1.12.3) and/or pandoc-citeproc not available. Falling back to R Markdown v1.
    trying URL 'http://github.com/CovidLP/PandemicLP/raw/master/temp/PandemicLP_SumRegions.rda'
    Content type 'application/octet-stream' length 13851069 bytes (13.2 MB)
    ==================================================
    downloaded 13.2 MB
    
    trying URL 'http://github.com/CovidLP/PandemicLP/raw/master/temp/PandemicLP_SumRegions.rda'
    Content type 'application/octet-stream' length 13851069 bytes (13.2 MB)
    ==================================================
    downloaded 13.2 MB
    
    Quitting from lines 172-175 (PandemicLP_SumRegions.Rmd)
    Error: processing vignette 'PandemicLP_SumRegions.Rmd' failed with diagnostics:
    invalid 'path' argument
    --- failed re-building ‘PandemicLP_SumRegions.Rmd’
    
    SUMMARY: processing the following files failed:
     ‘PandemicLP.Rmd’ ‘PandemicLP_SumRegions.Rmd’
    
    Error: Vignette re-building failed.
    Execution halted
Flavor: r-oldrel-macos-x86_64