CRAN Package Check Results for Package PWD

Last updated on 2022-09-30 12:55:17 CEST.

Flavor Version Tinstall Tcheck Ttotal Status Flags
r-devel-linux-x86_64-debian-clang 1.0 34.47 29.48 63.95 OK
r-devel-linux-x86_64-debian-gcc 1.0 23.95 23.85 47.80 OK
r-devel-linux-x86_64-fedora-clang 1.0 102.11 NOTE
r-devel-linux-x86_64-fedora-gcc 1.0 88.31 NOTE
r-devel-windows-x86_64 1.0 31.00 75.00 106.00 OK
r-patched-linux-x86_64 1.0 27.44 29.38 56.82 OK
r-release-linux-x86_64 1.0 28.61 29.20 57.81 OK
r-release-macos-arm64 1.0 25.00 OK
r-release-macos-x86_64 1.0 35.00 OK
r-release-windows-x86_64 1.0 34.00 77.00 111.00 OK
r-oldrel-macos-arm64 1.0 30.00 OK
r-oldrel-macos-x86_64 1.0 47.00 OK
r-oldrel-windows-ix86+x86_64 1.0 82.00 76.00 158.00 OK

Check Details

Version: 1.0
Check: compiled code
Result: NOTE
    File ‘PWD/libs/PWD.so’:
     Found no calls to: ‘R_registerRoutines’, ‘R_useDynamicSymbols’
    
    It is good practice to register native routines and to disable symbol
    search.
    
    See ‘Writing portable packages’ in the ‘Writing R Extensions’ manual.
Flavors: r-devel-linux-x86_64-fedora-clang, r-devel-linux-x86_64-fedora-gcc