Last updated on 2022-06-25 12:54:31 CEST.
Flavor | Version | Tinstall | Tcheck | Ttotal | Status | Flags |
---|---|---|---|---|---|---|
r-devel-linux-x86_64-debian-clang | 1.1.7 | 14.60 | 133.53 | 148.13 | OK | |
r-devel-linux-x86_64-debian-gcc | 1.1.7 | 13.30 | 98.28 | 111.58 | OK | |
r-devel-linux-x86_64-fedora-clang | 1.1.7 | 201.42 | WARN | |||
r-devel-linux-x86_64-fedora-gcc | 1.1.7 | 186.47 | WARN | |||
r-devel-windows-x86_64 | 1.1.7 | 38.00 | 168.00 | 206.00 | OK | |
r-patched-linux-x86_64 | 1.1.7 | 15.22 | 123.01 | 138.23 | OK | |
r-release-linux-x86_64 | 1.1.7 | 13.21 | 126.98 | 140.19 | OK | |
r-release-macos-arm64 | 1.1.7 | 52.00 | OK | |||
r-release-macos-x86_64 | 1.1.7 | 74.00 | OK | |||
r-release-windows-x86_64 | 1.1.7 | 33.00 | 159.00 | 192.00 | OK | |
r-oldrel-macos-arm64 | 1.1.7 | 49.00 | OK | |||
r-oldrel-macos-x86_64 | 1.1.7 | 73.00 | OK | |||
r-oldrel-windows-ix86+x86_64 | 1.1.7 | 36.00 | 146.00 | 182.00 | OK |
Version: 1.1.7
Check: package dependencies
Result: WARN
Requires (indirectly) orphaned package: ‘gtools’
Flavors: r-devel-linux-x86_64-fedora-clang, r-devel-linux-x86_64-fedora-gcc