CRAN Package Check Results for Package PSS.Health

Last updated on 2022-12-07 06:53:16 CET.

Flavor Version Tinstall Tcheck Ttotal Status Flags
r-devel-linux-x86_64-debian-clang 0.5.1 20.97 153.66 174.63 OK
r-devel-linux-x86_64-debian-gcc 0.5.1 14.49 114.65 129.14 OK
r-devel-linux-x86_64-fedora-clang 0.5.1 227.18 NOTE
r-devel-linux-x86_64-fedora-gcc 0.5.1 227.66 OK
r-devel-windows-x86_64 0.5.1 55.00 170.00 225.00 OK
r-patched-linux-x86_64 0.5.1 19.74 145.05 164.79 OK
r-release-linux-x86_64 0.5.1 16.32 145.69 162.01 OK
r-release-macos-arm64 0.5.1 60.00 OK
r-release-macos-x86_64 0.5.1 82.00 OK
r-release-windows-x86_64 0.5.1 33.00 173.00 206.00 OK
r-oldrel-macos-arm64 0.5.1 56.00 OK
r-oldrel-macos-x86_64 0.5.1 80.00 OK
r-oldrel-windows-ix86+x86_64 0.5.1 44.00 168.00 212.00 OK

Check Details

Version: 0.5.1
Check: package dependencies
Result: NOTE
    Imports includes 21 non-default packages.
    Importing from so many packages makes the package vulnerable to any of
    them becoming unavailable. Move as many as possible to Suggests and
    use conditionally.
Flavor: r-devel-linux-x86_64-fedora-clang