CRAN Package Check Results for Package PReMiuM

Last updated on 2021-06-24 01:50:31 CEST.

Flavor Version Tinstall Tcheck Ttotal Status Flags
r-devel-linux-x86_64-debian-clang 3.2.6 105.43 187.77 293.20 OK
r-devel-linux-x86_64-debian-gcc 3.2.6 82.11 140.48 222.59 OK
r-devel-linux-x86_64-fedora-clang 3.2.6 387.90 NOTE
r-devel-linux-x86_64-fedora-gcc 3.2.6 360.38 OK
r-devel-windows-x86_64 3.2.6 109.00 210.00 319.00 OK
r-devel-windows-x86_64-gcc10-UCRT 3.2.6 OK
r-patched-linux-x86_64 3.2.6 89.89 175.94 265.83 OK
r-patched-solaris-x86 3.2.6 437.20 OK
r-release-linux-x86_64 3.2.6 91.31 178.57 269.88 OK
r-release-macos-arm64 3.2.6 NOTE
r-release-macos-x86_64 3.2.6 NOTE
r-release-windows-ix86+x86_64 3.2.6 135.00 216.00 351.00 OK
r-oldrel-macos-x86_64 3.2.6 NOTE

Check Details

Version: 3.2.6
Check: installed package size
Result: NOTE
     installed size is 14.9Mb
     sub-directories of 1Mb or more:
     libs 14.4Mb
Flavors: r-devel-linux-x86_64-fedora-clang, r-release-macos-arm64, r-release-macos-x86_64, r-oldrel-macos-x86_64