CRAN Package Check Results for Package PREPShiny

Last updated on 2021-06-21 07:48:54 CEST.

Flavor Version Tinstall Tcheck Ttotal Status Flags
r-devel-linux-x86_64-debian-clang 0.1.0 1.97 19.81 21.78 NOTE
r-devel-linux-x86_64-debian-gcc 0.1.0 1.61 15.87 17.48 NOTE
r-devel-linux-x86_64-fedora-clang 0.1.0 36.14 NOTE
r-devel-linux-x86_64-fedora-gcc 0.1.0 26.12 NOTE
r-devel-windows-x86_64 0.1.0 5.00 32.00 37.00 NOTE
r-devel-windows-x86_64-gcc10-UCRT 0.1.0 NOTE
r-patched-linux-x86_64 0.1.0 2.11 19.42 21.53 NOTE
r-patched-solaris-x86 0.1.0 43.40 NOTE
r-release-linux-x86_64 0.1.0 2.11 19.52 21.63 NOTE
r-release-macos-arm64 0.1.0 NOTE
r-release-macos-x86_64 0.1.0 NOTE
r-release-windows-ix86+x86_64 0.1.0 6.00 35.00 41.00 NOTE
r-oldrel-macos-x86_64 0.1.0 NOTE

Check Details

Version: 0.1.0
Check: LazyData
Result: NOTE
     'LazyData' is specified without a 'data' directory
Flavors: r-devel-linux-x86_64-debian-clang, r-devel-linux-x86_64-debian-gcc, r-devel-linux-x86_64-fedora-clang, r-devel-linux-x86_64-fedora-gcc, r-devel-windows-x86_64, r-devel-windows-x86_64-gcc10-UCRT, r-patched-linux-x86_64, r-patched-solaris-x86, r-release-linux-x86_64, r-release-macos-arm64, r-release-macos-x86_64, r-release-windows-ix86+x86_64

Version: 0.1.0
Check: dependencies in R code
Result: NOTE
    Namespaces in Imports field not imported from:
     ‘datasets’ ‘dplyr’ ‘psycho’ ‘shiny’
     All declared Imports should be used.
Flavors: r-devel-linux-x86_64-fedora-clang, r-devel-linux-x86_64-fedora-gcc, r-devel-windows-x86_64-gcc10-UCRT, r-patched-solaris-x86, r-release-macos-arm64, r-release-macos-x86_64, r-oldrel-macos-x86_64