CRAN Package Check Results for Package PLSiMCpp

Last updated on 2024-02-24 18:54:59 CET.

Flavor Version Tinstall Tcheck Ttotal Status Flags
r-devel-linux-x86_64-debian-clang 1.0.4 58.20 65.48 123.68 NOTE
r-devel-linux-x86_64-debian-gcc 1.0.4 43.94 46.80 90.74 NOTE
r-devel-linux-x86_64-fedora-clang 1.0.4 143.73 NOTE
r-devel-linux-x86_64-fedora-gcc 1.0.4 157.34 NOTE
r-devel-windows-x86_64 1.0.4 42.00 91.00 133.00 NOTE
r-patched-linux-x86_64 1.0.4 53.16 61.88 115.04 NOTE
r-release-linux-x86_64 1.0.4 53.17 60.97 114.14 NOTE
r-release-macos-arm64 1.0.4 47.00 NOTE
r-release-macos-x86_64 1.0.4 77.00 NOTE
r-release-windows-x86_64 1.0.4 53.00 99.00 152.00 NOTE
r-oldrel-macos-arm64 1.0.4 45.00 NOTE
r-oldrel-windows-x86_64 1.0.4 51.00 97.00 148.00 OK

Check Details

Version: 1.0.4
Check: C++ specification
Result: NOTE Specified C++11: please drop specification unless essential Flavors: r-devel-linux-x86_64-debian-clang, r-devel-linux-x86_64-debian-gcc, r-devel-linux-x86_64-fedora-clang, r-devel-linux-x86_64-fedora-gcc, r-devel-windows-x86_64, r-patched-linux-x86_64, r-release-linux-x86_64, r-release-macos-arm64, r-release-macos-x86_64, r-release-windows-x86_64

Version: 1.0.4
Check: installed package size
Result: NOTE installed size is 5.7Mb sub-directories of 1Mb or more: libs 5.5Mb Flavors: r-release-macos-arm64, r-release-macos-x86_64, r-oldrel-macos-arm64