CRAN Package Check Results for Package PKPDsim

Last updated on 2022-10-07 00:49:29 CEST.

Flavor Version Tinstall Tcheck Ttotal Status Flags
r-devel-linux-x86_64-debian-clang 1.1.1 103.52 384.43 487.95 OK
r-devel-linux-x86_64-debian-gcc 1.1.1 79.66 275.49 355.15 OK
r-devel-linux-x86_64-fedora-clang 1.1.1 640.60 NOTE
r-devel-linux-x86_64-fedora-gcc 1.1.1 569.88 NOTE
r-devel-windows-x86_64 1.1.1 133.00 424.00 557.00 OK
r-patched-linux-x86_64 1.1.1 96.49 329.31 425.80 OK
r-release-linux-x86_64 1.1.1 90.31 329.40 419.71 OK
r-release-macos-arm64 1.1.1 120.00 NOTE
r-release-macos-x86_64 1.1.1 171.00 NOTE
r-release-windows-x86_64 1.1.1 124.00 409.00 533.00 OK
r-oldrel-macos-arm64 1.1.1 120.00 NOTE
r-oldrel-macos-x86_64 1.1.1 160.00 NOTE
r-oldrel-windows-ix86+x86_64 1.1.1 246.00 732.00 978.00 WARN

Check Details

Version: 1.1.1
Check: dependencies in R code
Result: NOTE
    Namespace in Imports field not imported from: ‘BH’
     All declared Imports should be used.
Flavors: r-devel-linux-x86_64-fedora-clang, r-devel-linux-x86_64-fedora-gcc, r-release-macos-arm64, r-release-macos-x86_64, r-oldrel-macos-arm64, r-oldrel-macos-x86_64

Version: 1.1.1
Check: for unstated dependencies in ‘tests’
Result: WARN
    Warning: unable to access index for repository https://bioconductor.org/packages/3.14/bioc/src/contrib:
     cannot open URL 'https://bioconductor.org/packages/3.14/bioc/src/contrib/PACKAGES'
    Warning: unable to access index for repository https://bioconductor.org/packages/3.14/data/annotation/src/contrib:
     cannot open URL 'https://bioconductor.org/packages/3.14/data/annotation/src/contrib/PACKAGES'
    Warning: unable to access index for repository https://bioconductor.org/packages/3.14/data/experiment/src/contrib:
     cannot open URL 'https://bioconductor.org/packages/3.14/data/experiment/src/contrib/PACKAGES'
Flavor: r-oldrel-windows-ix86+x86_64