Last updated on 2023-02-08 18:51:27 CET.
Flavor | Version | Tinstall | Tcheck | Ttotal | Status | Flags |
---|---|---|---|---|---|---|
r-devel-linux-x86_64-debian-clang | 1.2.1 | 2.73 | 23.98 | 26.71 | OK | |
r-devel-linux-x86_64-debian-gcc | 1.2.1 | 2.58 | 18.67 | 21.25 | OK | |
r-devel-linux-x86_64-fedora-clang | 1.2.1 | 33.71 | NOTE | |||
r-devel-linux-x86_64-fedora-gcc | 1.2.1 | 32.98 | NOTE | |||
r-devel-windows-x86_64 | 1.2.1 | 12.00 | 50.00 | 62.00 | OK | |
r-patched-linux-x86_64 | 1.2.1 | 3.19 | 23.17 | 26.36 | OK | |
r-release-linux-x86_64 | 1.2.1 | 2.64 | 23.59 | 26.23 | OK | |
r-release-macos-arm64 | 1.2.1 | 15.00 | OK | |||
r-release-macos-x86_64 | 1.2.1 | 22.00 | OK | |||
r-release-windows-x86_64 | 1.2.1 | 8.00 | 58.00 | 66.00 | OK | |
r-oldrel-macos-arm64 | 1.2.1 | 14.00 | OK | |||
r-oldrel-macos-x86_64 | 1.2.1 | 21.00 | OK | |||
r-oldrel-windows-ix86+x86_64 | 1.2.1 | 8.00 | 43.00 | 51.00 | OK |
Version: 1.2.1
Check: compiled code
Result: NOTE
File ‘PDSCE/libs/PDSCE.so’:
Found no calls to: ‘R_registerRoutines’, ‘R_useDynamicSymbols’
It is good practice to register native routines and to disable symbol
search.
See ‘Writing portable packages’ in the ‘Writing R Extensions’ manual.
Flavors: r-devel-linux-x86_64-fedora-clang, r-devel-linux-x86_64-fedora-gcc