CRAN Package Check Results for Package PCObw

Last updated on 2024-02-28 12:55:05 CET.

Flavor Version Tinstall Tcheck Ttotal Status Flags
r-devel-linux-x86_64-debian-clang 0.0.1 82.11 70.25 152.36 OK
r-devel-linux-x86_64-debian-gcc 0.0.1 75.02 52.27 127.29 OK
r-devel-linux-x86_64-fedora-clang 0.0.1 186.16 OK
r-devel-linux-x86_64-fedora-gcc 0.0.1 236.21 OK
r-devel-windows-x86_64 0.0.1 57.00 86.00 143.00 OK
r-patched-linux-x86_64 0.0.1 86.58 74.63 161.21 OK
r-release-linux-x86_64 0.0.1 77.39 72.75 150.14 OK
r-release-macos-arm64 0.0.1 82.00 NOTE
r-release-macos-x86_64 0.0.1 114.00 NOTE
r-release-windows-x86_64 0.0.1 73.00 107.00 180.00 OK
r-oldrel-macos-arm64 0.0.1 57.00 NOTE
r-oldrel-windows-x86_64 0.0.1 68.00 103.00 171.00 OK

Check Details

Version: 0.0.1
Check: installed package size
Result: NOTE installed size is 34.1Mb sub-directories of 1Mb or more: libs 33.9Mb Flavors: r-release-macos-arm64, r-release-macos-x86_64, r-oldrel-macos-arm64