CRAN Package Check Results for Package PCMBaseCpp

Last updated on 2024-02-25 21:49:41 CET.

Flavor Version Tinstall Tcheck Ttotal Status Flags
r-devel-linux-x86_64-debian-clang 0.1.9 154.69 428.60 583.29 NOTE
r-devel-linux-x86_64-debian-gcc 0.1.9 137.76 309.66 447.42 NOTE
r-devel-linux-x86_64-fedora-clang 0.1.9 742.31 NOTE
r-devel-linux-x86_64-fedora-gcc 0.1.9 803.24 NOTE
r-devel-windows-x86_64 0.1.9 123.00 303.00 426.00 NOTE
r-patched-linux-x86_64 0.1.9 164.54 408.07 572.61 NOTE
r-release-linux-x86_64 0.1.9 165.68 407.66 573.34 NOTE
r-release-macos-arm64 0.1.9 192.00 NOTE
r-release-macos-x86_64 0.1.9 281.00 NOTE
r-release-windows-x86_64 0.1.9 161.00 410.00 571.00 NOTE
r-oldrel-macos-arm64 0.1.9 163.00 NOTE
r-oldrel-windows-x86_64 0.1.9 151.00 408.00 559.00 OK

Check Details

Version: 0.1.9
Check: C++ specification
Result: NOTE Specified C++11: please drop specification unless essential Flavors: r-devel-linux-x86_64-debian-clang, r-devel-linux-x86_64-debian-gcc, r-devel-linux-x86_64-fedora-clang, r-devel-linux-x86_64-fedora-gcc, r-devel-windows-x86_64, r-patched-linux-x86_64, r-release-linux-x86_64, r-release-macos-arm64, r-release-macos-x86_64, r-release-windows-x86_64

Version: 0.1.9
Check: Rd files
Result: NOTE checkRd: (-1) MiniBenchmarkRvsCpp.Rd:16: Lost braces in \itemize; meant \describe ? checkRd: (-1) MiniBenchmarkRvsCpp.Rd:17: Lost braces in \itemize; meant \describe ? checkRd: (-1) MiniBenchmarkRvsCpp.Rd:18: Lost braces in \itemize; meant \describe ? Flavors: r-devel-linux-x86_64-debian-clang, r-devel-linux-x86_64-debian-gcc, r-devel-linux-x86_64-fedora-clang, r-devel-linux-x86_64-fedora-gcc

Version: 0.1.9
Check: installed package size
Result: NOTE installed size is 36.1Mb sub-directories of 1Mb or more: libs 35.0Mb Flavors: r-release-macos-arm64, r-release-macos-x86_64, r-oldrel-macos-arm64