CRAN Package Check Results for Package PCICt

Last updated on 2022-09-26 06:51:18 CEST.

Flavor Version Tinstall Tcheck Ttotal Status Flags
r-devel-linux-x86_64-debian-clang 0.5-4.1 4.20 29.39 33.59 OK
r-devel-linux-x86_64-debian-gcc 0.5-4.1 3.34 22.82 26.16 OK
r-devel-linux-x86_64-fedora-clang 0.5-4.1 52.48 NOTE
r-devel-linux-x86_64-fedora-gcc 0.5-4.1 51.05 NOTE
r-devel-windows-x86_64 0.5-4.1 13.00 62.00 75.00 OK
r-patched-linux-x86_64 0.5-4.1 4.78 28.60 33.38 OK
r-release-linux-x86_64 0.5-4.1 4.39 28.30 32.69 OK
r-release-macos-arm64 0.5-4.1 18.00 OK
r-release-macos-x86_64 0.5-4.1 27.00 OK
r-release-windows-x86_64 0.5-4.1 10.00 55.00 65.00 OK
r-oldrel-macos-arm64 0.5-4.1 25.00 OK
r-oldrel-macos-x86_64 0.5-4.1 36.00 OK
r-oldrel-windows-ix86+x86_64 0.5-4.1 18.00 65.00 83.00 OK

Additional issues

rchk

Check Details

Version: 0.5-4.1
Check: compiled code
Result: NOTE
    File ‘PCICt/libs/PCICt.so’:
     Found no call to: ‘R_useDynamicSymbols’
    
    It is good practice to register native routines and to disable symbol
    search.
    
    See ‘Writing portable packages’ in the ‘Writing R Extensions’ manual.
Flavors: r-devel-linux-x86_64-fedora-clang, r-devel-linux-x86_64-fedora-gcc