CRAN Package Check Results for Package PBNPA

Last updated on 2022-01-18 01:52:08 CET.

Flavor Version Tinstall Tcheck Ttotal Status Flags
r-devel-linux-x86_64-debian-clang 0.0.3 1.79 32.08 33.87 NOTE
r-devel-linux-x86_64-debian-gcc 0.0.3 1.59 25.19 26.78 NOTE
r-devel-linux-x86_64-fedora-clang 0.0.3 42.55 NOTE
r-devel-linux-x86_64-fedora-gcc 0.0.3 32.74 NOTE
r-devel-windows-x86_64-new-UL 0.0.3 17.00 48.00 65.00 NOTE
r-devel-windows-x86_64-new-TK 0.0.3 NOTE
r-patched-linux-x86_64 0.0.3 1.55 30.82 32.37 NOTE
r-release-linux-x86_64 0.0.3 NOTE
r-release-macos-arm64 0.0.3 NOTE
r-release-macos-x86_64 0.0.3 NOTE
r-release-windows-ix86+x86_64 0.0.3 6.00 40.00 46.00 NOTE
r-oldrel-macos-x86_64 0.0.3 OK
r-oldrel-windows-ix86+x86_64 0.0.3 5.00 39.00 44.00 OK

Check Details

Version: 0.0.3
Check: LazyData
Result: NOTE
     'LazyData' is specified without a 'data' directory
Flavors: r-devel-linux-x86_64-debian-clang, r-devel-linux-x86_64-debian-gcc, r-devel-linux-x86_64-fedora-clang, r-devel-linux-x86_64-fedora-gcc, r-devel-windows-x86_64-new-UL, r-devel-windows-x86_64-new-TK, r-patched-linux-x86_64, r-release-linux-x86_64, r-release-macos-arm64, r-release-macos-x86_64, r-release-windows-ix86+x86_64