CRAN Package Check Results for Package PAMhm

Last updated on 2024-06-13 12:49:52 CEST.

Flavor Version Tinstall Tcheck Ttotal Status Flags
r-devel-linux-x86_64-debian-clang 0.1.2 7.93 86.04 93.97 OK
r-devel-linux-x86_64-debian-gcc 0.1.2 0.25 1.80 2.05 ERROR
r-devel-linux-x86_64-fedora-clang 0.1.2 125.86 OK
r-devel-linux-x86_64-fedora-gcc 0.1.2 125.99 OK
r-devel-windows-x86_64 0.1.2 8.00 77.00 85.00 OK
r-patched-linux-x86_64 0.1.2 5.33 82.82 88.15 OK
r-release-linux-x86_64 0.1.2 5.36 82.20 87.56 OK
r-release-macos-arm64 0.1.2 47.00 OK
r-release-macos-x86_64 0.1.2 59.00 OK
r-release-windows-x86_64 0.1.2 9.00 76.00 85.00 OK
r-oldrel-macos-arm64 0.1.2 6.00 ERROR
r-oldrel-macos-x86_64 0.1.2 68.00 OK
r-oldrel-windows-x86_64 0.1.2 11.00 92.00 103.00 OK

Check Details

Version: 0.1.2
Check: package dependencies
Result: ERROR Packages required but not available: 'readxl', 'readmoRe', 'robustHD' See section ‘The DESCRIPTION file’ in the ‘Writing R Extensions’ manual. Flavor: r-devel-linux-x86_64-debian-gcc

Version: 0.1.2
Check: whether package can be installed
Result: ERROR Installation failed. Flavor: r-oldrel-macos-arm64