CRAN Package Check Results for Package OwenQ

Last updated on 2024-02-25 18:51:32 CET.

Flavor Version Tinstall Tcheck Ttotal Status Flags
r-devel-linux-x86_64-debian-clang 1.0.7 68.04 248.70 316.74 OK
r-devel-linux-x86_64-debian-gcc 1.0.7 62.91 192.95 255.86 OK
r-devel-linux-x86_64-fedora-clang 1.0.7 405.75 OK
r-devel-linux-x86_64-fedora-gcc 1.0.7 426.01 OK
r-devel-windows-x86_64 1.0.7 54.00 194.00 248.00 OK
r-patched-linux-x86_64 1.0.7 74.48 257.04 331.52 OK
r-release-linux-x86_64 1.0.7 85.76 256.72 342.48 OK
r-release-macos-arm64 1.0.7 104.00 NOTE
r-release-macos-x86_64 1.0.7 355.00 NOTE
r-release-windows-x86_64 1.0.7 72.00 278.00 350.00 OK
r-oldrel-macos-arm64 1.0.7 92.00 NOTE
r-oldrel-windows-x86_64 1.0.7 69.00 264.00 333.00 OK

Check Details

Version: 1.0.7
Check: installed package size
Result: NOTE installed size is 10.7Mb sub-directories of 1Mb or more: libs 10.1Mb Flavors: r-release-macos-arm64, r-release-macos-x86_64, r-oldrel-macos-arm64