CRAN Package Check Results for Package OutlierDM

Last updated on 2021-09-26 19:49:07 CEST.

Flavor Version Tinstall Tcheck Ttotal Status Flags
r-devel-linux-x86_64-debian-clang 1.1.1 10.27 83.56 93.83 NOTE
r-devel-linux-x86_64-debian-gcc 1.1.1 8.42 64.40 72.82 NOTE
r-devel-linux-x86_64-fedora-clang 1.1.1 121.69 NOTE
r-devel-linux-x86_64-fedora-gcc 1.1.1 110.08 NOTE
r-devel-windows-x86_64 1.1.1 14.00 74.00 88.00 NOTE
r-devel-windows-x86_64-gcc10-UCRT 1.1.1 NOTE
r-patched-linux-x86_64 1.1.1 9.35 80.49 89.84 NOTE
r-patched-solaris-x86 1.1.1 161.80 NOTE
r-release-linux-x86_64 1.1.1 10.01 81.57 91.58 NOTE
r-release-macos-arm64 1.1.1 NOTE
r-release-macos-x86_64 1.1.1 NOTE
r-release-windows-ix86+x86_64 1.1.1 23.00 104.00 127.00 NOTE
r-oldrel-macos-x86_64 1.1.1 NOTE
r-oldrel-windows-ix86+x86_64 1.1.1 17.00 77.00 94.00 NOTE

Check Details

Version: 1.1.1
Check: DESCRIPTION meta-information
Result: NOTE
    Malformed Description field: should contain one or more complete sentences.
Flavors: r-devel-linux-x86_64-debian-clang, r-devel-linux-x86_64-debian-gcc, r-devel-linux-x86_64-fedora-clang, r-devel-linux-x86_64-fedora-gcc, r-devel-windows-x86_64, r-devel-windows-x86_64-gcc10-UCRT, r-patched-linux-x86_64, r-patched-solaris-x86, r-release-linux-x86_64, r-release-macos-arm64, r-release-macos-x86_64, r-release-windows-ix86+x86_64, r-oldrel-macos-x86_64, r-oldrel-windows-ix86+x86_64

Version: 1.1.1
Check: R code for possible problems
Result: NOTE
    odm: no visible binding for global variable 'sd'
    odm : <anonymous>: no visible global function definition for 'sd'
    odm : <anonymous>: no visible global function definition for 'quantile'
    odm: no visible global function definition for 'prcomp'
    quant.const: no visible global function definition for 'quantile'
    quant.const.D: no visible global function definition for 'reshape'
    quant.const.D: no visible global function definition for 'quantile'
    quant.linear.D: no visible global function definition for 'reshape'
    quant.nonlin : FrankModel: no visible global function definition for
     'qt'
    quant.nonlin : FrankModel: no visible global function definition for
     'pt'
    quant.nonlin: no visible global function definition for 'predict'
    quant.nonlin.D: no visible global function definition for 'reshape'
    quant.nonlin.D: no visible global function definition for 'predict'
    quant.nonpar.D: no visible global function definition for 'reshape'
    rgrubbs.test: no visible global function definition for 'sd'
    plot,OutlierDM-missing: no visible binding for global variable 'pch'
    summary,OutlierDM: no visible global function definition for 'head'
    Undefined global functions or variables:
     head pch prcomp predict pt qt quantile reshape sd
    Consider adding
     importFrom("stats", "prcomp", "predict", "pt", "qt", "quantile",
     "reshape", "sd")
     importFrom("utils", "head")
    to your NAMESPACE file.
Flavors: r-devel-linux-x86_64-debian-clang, r-devel-linux-x86_64-debian-gcc, r-devel-linux-x86_64-fedora-clang, r-devel-linux-x86_64-fedora-gcc, r-devel-windows-x86_64, r-devel-windows-x86_64-gcc10-UCRT, r-patched-linux-x86_64, r-patched-solaris-x86, r-release-linux-x86_64, r-release-macos-arm64, r-release-macos-x86_64, r-release-windows-ix86+x86_64, r-oldrel-macos-x86_64, r-oldrel-windows-ix86+x86_64