CRAN Package Check Results for Package Orcs

Last updated on 2021-06-18 13:51:53 CEST.

Flavor Version Tinstall Tcheck Ttotal Status Flags
r-devel-linux-x86_64-debian-clang 1.2.1 36.37 148.24 184.61 OK
r-devel-linux-x86_64-debian-gcc 1.2.1 27.30 112.34 139.64 OK
r-devel-linux-x86_64-fedora-clang 1.2.1 239.65 OK
r-devel-linux-x86_64-fedora-gcc 1.2.1 223.46 OK
r-devel-windows-x86_64 1.2.1 53.00 188.00 241.00 OK
r-devel-windows-x86_64-gcc10-UCRT 1.2.1 ERROR
r-patched-linux-x86_64 1.2.1 35.60 138.91 174.51 OK
r-patched-solaris-x86 1.2.1 318.70 OK
r-release-linux-x86_64 1.2.1 32.75 141.39 174.14 OK
r-release-macos-arm64 1.2.1 OK
r-release-macos-x86_64 1.2.1 OK
r-release-windows-ix86+x86_64 1.2.1 91.00 245.00 336.00 OK
r-oldrel-macos-x86_64 1.2.1 OK
r-oldrel-windows-ix86+x86_64 1.2.1 61.00 178.00 239.00 OK

Check Details

Version: 1.2.1
Check: package dependencies
Result: ERROR
    Package required but not available: 'sf'
    
    See section 'The DESCRIPTION file' in the 'Writing R Extensions'
    manual.
Flavor: r-devel-windows-x86_64-gcc10-UCRT