CRAN Package Check Results for Package OpenRepGrid.ic

Last updated on 2021-06-21 01:49:27 CEST.

Flavor Version Tinstall Tcheck Ttotal Status Flags
r-devel-linux-x86_64-debian-clang 0.5.0 7.86 76.22 84.08 OK
r-devel-linux-x86_64-debian-gcc 0.5.0 6.29 57.42 63.71 OK
r-devel-linux-x86_64-fedora-clang 0.5.0 111.80 NOTE
r-devel-linux-x86_64-fedora-gcc 0.5.0 101.92 NOTE
r-devel-windows-x86_64 0.5.0 12.00 85.00 97.00 OK
r-devel-windows-x86_64-gcc10-UCRT 0.5.0 ERROR
r-patched-linux-x86_64 0.5.0 6.71 71.04 77.75 OK
r-patched-solaris-x86 0.5.0 147.20 NOTE
r-release-linux-x86_64 0.5.0 5.45 71.43 76.88 OK
r-release-macos-arm64 0.5.0 NOTE
r-release-macos-x86_64 0.5.0 NOTE
r-release-windows-ix86+x86_64 0.5.0 17.00 96.00 113.00 OK
r-oldrel-macos-x86_64 0.5.0 NOTE

Check Details

Version: 0.5.0
Check: package dependencies
Result: NOTE
    Imports includes 24 non-default packages.
    Importing from so many packages makes the package vulnerable to any of
    them becoming unavailable. Move as many as possible to Suggests and
    use conditionally.
Flavor: r-devel-linux-x86_64-fedora-clang

Version: 0.5.0
Check: dependencies in R code
Result: NOTE
    Namespaces in Imports field not imported from:
     ‘formattable’ ‘rintrojs’ ‘shinyBS’ ‘shinyFeedback’ ‘shinyWidgets’
     ‘shinycssloaders’ ‘shinydashboard’ ‘shinydashboardPlus’ ‘shinyjs’
     ‘shinythemes’ ‘splines’ ‘testthat’ ‘tidyverse’
     All declared Imports should be used.
Flavors: r-devel-linux-x86_64-fedora-clang, r-devel-linux-x86_64-fedora-gcc, r-patched-solaris-x86, r-release-macos-arm64, r-release-macos-x86_64, r-oldrel-macos-x86_64

Version: 0.5.0
Check: package dependencies
Result: ERROR
    Package required but not available: 'tidyverse'
    
    Package suggested but not available for checking: 'covr'
    
    See section 'The DESCRIPTION file' in the 'Writing R Extensions'
    manual.
Flavor: r-devel-windows-x86_64-gcc10-UCRT