CRAN Package Check Results for Package OmicInt

Last updated on 2022-10-04 12:53:45 CEST.

Flavor Version Tinstall Tcheck Ttotal Status Flags
r-devel-linux-x86_64-debian-clang 1.1.7 11.72 99.57 111.29 OK
r-devel-linux-x86_64-debian-gcc 1.1.7 9.28 74.97 84.25 OK
r-devel-linux-x86_64-fedora-clang 1.1.7 147.60 NOTE
r-devel-linux-x86_64-fedora-gcc 1.1.7 133.77 NOTE
r-devel-windows-x86_64 1.1.7 22.00 132.00 154.00 OK
r-patched-linux-x86_64 1.1.7 8.65 91.38 100.03 OK
r-release-linux-x86_64 1.1.7 7.87 93.95 101.82 OK
r-release-macos-arm64 1.1.7 40.00 NOTE
r-release-macos-x86_64 1.1.7 62.00 NOTE
r-release-windows-x86_64 1.1.7 21.00 124.00 145.00 OK
r-oldrel-macos-arm64 1.1.7 40.00 NOTE
r-oldrel-macos-x86_64 1.1.7 54.00 NOTE
r-oldrel-windows-ix86+x86_64 1.1.7 27.00 126.00 153.00 OK

Check Details

Version: 1.1.7
Check: dependencies in R code
Result: NOTE
    Namespaces in Imports field not imported from:
     ‘knitr’ ‘rmarkdown’
     All declared Imports should be used.
Flavors: r-devel-linux-x86_64-fedora-clang, r-devel-linux-x86_64-fedora-gcc, r-release-macos-arm64, r-release-macos-x86_64, r-oldrel-macos-arm64, r-oldrel-macos-x86_64