Last updated on 2023-06-09 00:54:29 CEST.
Flavor | Version | Tinstall | Tcheck | Ttotal | Status | Flags |
---|---|---|---|---|---|---|
r-devel-linux-x86_64-debian-clang | 3.4.1 | 22.31 | 574.77 | 597.08 | OK | |
r-devel-linux-x86_64-debian-gcc | 3.4.1 | 19.20 | 442.63 | 461.83 | OK | |
r-devel-linux-x86_64-fedora-clang | 3.4.1 | 736.20 | OK | |||
r-devel-linux-x86_64-fedora-gcc | 3.4.1 | 747.37 | OK | |||
r-devel-windows-x86_64 | 3.4.1 | 22.00 | 445.00 | 467.00 | OK | |
r-patched-linux-x86_64 | 3.4.1 | 24.47 | 548.48 | 572.95 | OK | |
r-release-linux-x86_64 | 3.4.1 | 18.43 | 549.21 | 567.64 | OK | |
r-release-macos-arm64 | 3.4.1 | 161.00 | OK | |||
r-release-macos-x86_64 | 3.3.1 | 287.00 | NOTE | |||
r-release-windows-x86_64 | 3.4.1 | 27.00 | 568.00 | 595.00 | OK | |
r-oldrel-macos-arm64 | 3.4.1 | 166.00 | OK | |||
r-oldrel-macos-x86_64 | 3.4.1 | 290.00 | OK | |||
r-oldrel-windows-x86_64 | 3.4.1 | 28.00 | 564.00 | 592.00 | OK |
Version: 3.3.1
Check: package dependencies
Result: NOTE
Package suggested but not available for checking: ‘clusterProfiler’
Flavor: r-release-macos-x86_64