CRAN Package Check Results for Package OjaNP

Last updated on 2021-10-21 07:50:03 CEST.

Flavor Version Tinstall Tcheck Ttotal Status Flags
r-devel-linux-x86_64-debian-clang 1.0-0 70.87 75.66 146.53 OK
r-devel-linux-x86_64-debian-gcc 1.0-0 53.33 58.37 111.70 OK
r-devel-linux-x86_64-fedora-clang 1.0-0 247.10 OK
r-devel-linux-x86_64-fedora-gcc 1.0-0 189.14 OK
r-devel-windows-x86_64 1.0-0 98.00 112.00 210.00 OK
r-devel-windows-x86_64-gcc10-UCRT 1.0-0 OK
r-patched-linux-x86_64 1.0-0 62.79 72.48 135.27 OK
r-patched-solaris-x86 1.0-0 215.70 OK
r-release-linux-x86_64 1.0-0 61.89 72.49 134.38 OK
r-release-macos-arm64 1.0-0 NOTE
r-release-macos-x86_64 1.0-0 OK
r-release-windows-ix86+x86_64 1.0-0 137.00 141.00 278.00 OK
r-oldrel-macos-x86_64 1.0-0 OK
r-oldrel-windows-ix86+x86_64 1.0-0 186.00 143.00 329.00 OK

Check Details

Version: 1.0-0
Check: installed package size
Result: NOTE
     installed size is 5.2Mb
     sub-directories of 1Mb or more:
     libs 4.9Mb
Flavor: r-release-macos-arm64