CRAN Package Check Results for Package OasisR

Last updated on 2021-06-16 07:49:57 CEST.

Flavor Version Tinstall Tcheck Ttotal Status Flags
r-devel-linux-x86_64-debian-clang 3.0.2 10.58 134.17 144.75 OK
r-devel-linux-x86_64-debian-gcc 3.0.2 9.20 106.04 115.24 OK
r-devel-linux-x86_64-fedora-clang 3.0.2 183.67 OK
r-devel-linux-x86_64-fedora-gcc 3.0.2 177.96 OK
r-devel-windows-x86_64 3.0.2 20.00 184.00 204.00 OK
r-devel-windows-x86_64-gcc10-UCRT 3.0.2 ERROR
r-patched-linux-x86_64 3.0.2 12.36 129.67 142.03 OK
r-patched-solaris-x86 3.0.2 234.40 OK
r-release-linux-x86_64 3.0.2 12.15 129.68 141.83 OK
r-release-macos-arm64 3.0.2 OK
r-release-macos-x86_64 3.0.2 OK
r-release-windows-ix86+x86_64 3.0.2 18.00 188.00 206.00 OK
r-oldrel-macos-x86_64 3.0.2 OK
r-oldrel-windows-ix86+x86_64 3.0.2 24.00 186.00 210.00 OK

Check Details

Version: 3.0.2
Check: package dependencies
Result: ERROR
    Package required but not available: 'spdep'
    
    See section 'The DESCRIPTION file' in the 'Writing R Extensions'
    manual.
Flavor: r-devel-windows-x86_64-gcc10-UCRT