CRAN Package Check Results for Package OWEA

Last updated on 2021-06-15 01:50:32 CEST.

Flavor Version Tinstall Tcheck Ttotal Status Flags
r-devel-linux-x86_64-debian-clang 0.1.1 3.01 28.97 31.98 NOTE
r-devel-linux-x86_64-debian-gcc 0.1.1 2.45 22.82 25.27 NOTE
r-devel-linux-x86_64-fedora-clang 0.1.1 49.14 NOTE
r-devel-linux-x86_64-fedora-gcc 0.1.1 37.13 NOTE
r-devel-windows-x86_64 0.1.1 5.00 47.00 52.00 NOTE
r-devel-windows-x86_64-gcc10-UCRT 0.1.1 NOTE
r-patched-linux-x86_64 0.1.1 2.97 28.14 31.11 NOTE
r-patched-solaris-x86 0.1.1 56.70 NOTE
r-release-linux-x86_64 0.1.1 3.26 28.41 31.67 NOTE
r-release-macos-arm64 0.1.1 NOTE
r-release-macos-x86_64 0.1.1 NOTE
r-release-windows-ix86+x86_64 0.1.1 7.00 47.00 54.00 NOTE
r-oldrel-macos-x86_64 0.1.1 OK
r-oldrel-windows-ix86+x86_64 0.1.1 20.00 47.00 67.00 OK

Check Details

Version: 0.1.1
Check: LazyData
Result: NOTE
     'LazyData' is specified without a 'data' directory
Flavors: r-devel-linux-x86_64-debian-clang, r-devel-linux-x86_64-debian-gcc, r-devel-linux-x86_64-fedora-clang, r-devel-linux-x86_64-fedora-gcc, r-devel-windows-x86_64, r-devel-windows-x86_64-gcc10-UCRT, r-patched-linux-x86_64, r-patched-solaris-x86, r-release-linux-x86_64, r-release-macos-arm64, r-release-macos-x86_64, r-release-windows-ix86+x86_64