CRAN Package Check Results for Package NormalBetaPrime

Last updated on 2021-09-25 01:50:25 CEST.

Flavor Version Tinstall Tcheck Ttotal Status Flags
r-devel-linux-x86_64-debian-clang 2.2 9.73 92.66 102.39 OK
r-devel-linux-x86_64-debian-gcc 2.2 8.58 70.34 78.92 OK
r-devel-linux-x86_64-fedora-clang 2.2 130.13 NOTE
r-devel-linux-x86_64-fedora-gcc 2.2 119.83 OK
r-devel-windows-x86_64 2.2 12.00 87.00 99.00 OK
r-devel-windows-x86_64-gcc10-UCRT 2.2 OK
r-patched-linux-x86_64 2.2 10.42 90.22 100.64 OK
r-patched-solaris-x86 2.2 169.80 NOTE
r-release-linux-x86_64 2.2 8.42 88.92 97.34 OK
r-release-macos-arm64 2.2 NOTE
r-release-macos-x86_64 2.2 NOTE
r-release-windows-ix86+x86_64 2.2 20.00 116.00 136.00 OK
r-oldrel-macos-x86_64 2.2 NOTE
r-oldrel-windows-ix86+x86_64 2.2 16.00 89.00 105.00 OK

Check Details

Version: 2.2
Check: installed package size
Result: NOTE
     installed size is 5.1Mb
     sub-directories of 1Mb or more:
     data 4.8Mb
Flavors: r-devel-linux-x86_64-fedora-clang, r-patched-solaris-x86, r-release-macos-arm64, r-release-macos-x86_64, r-oldrel-macos-x86_64