CRAN Package Check Results for Package NonProbEst

Last updated on 2022-09-29 06:54:27 CEST.

Flavor Version Tinstall Tcheck Ttotal Status Flags
r-devel-linux-x86_64-debian-clang 0.2.4 17.09 166.49 183.58 OK
r-devel-linux-x86_64-debian-gcc 0.2.4 13.84 124.41 138.25 OK
r-devel-linux-x86_64-fedora-clang 0.2.4 237.57 NOTE
r-devel-linux-x86_64-fedora-gcc 0.2.4 219.78 NOTE
r-devel-windows-x86_64 0.2.4 34.00 199.00 233.00 OK
r-patched-linux-x86_64 0.2.4 17.17 158.55 175.72 OK
r-release-linux-x86_64 0.2.4 13.55 160.19 173.74 OK
r-release-macos-arm64 0.2.4 63.00 NOTE
r-release-macos-x86_64 0.2.4 109.00 NOTE
r-release-windows-x86_64 0.2.4 32.00 197.00 229.00 OK
r-oldrel-macos-arm64 0.2.4 80.00 NOTE
r-oldrel-macos-x86_64 0.2.4 122.00 NOTE
r-oldrel-windows-ix86+x86_64 0.2.4 39.00 196.00 235.00 OK

Check Details

Version: 0.2.4
Check: dependencies in R code
Result: NOTE
    Namespaces in Imports field not imported from:
     ‘Matrix’ ‘e1071’ ‘glmnet’
     All declared Imports should be used.
Flavors: r-devel-linux-x86_64-fedora-clang, r-devel-linux-x86_64-fedora-gcc, r-release-macos-arm64, r-release-macos-x86_64, r-oldrel-macos-arm64, r-oldrel-macos-x86_64