CRAN Package Check Results for Package NobBS

Last updated on 2021-09-19 13:49:22 CEST.

Flavor Version Tinstall Tcheck Ttotal Status Flags
r-devel-linux-x86_64-debian-clang 0.1.0 5.08 54.30 59.38 OK
r-devel-linux-x86_64-debian-gcc 0.1.0 4.12 40.44 44.56 OK
r-devel-linux-x86_64-fedora-clang 0.1.0 77.91 OK
r-devel-linux-x86_64-fedora-gcc 0.1.0 65.81 OK
r-devel-windows-x86_64 0.1.0 7.00 57.00 64.00 OK
r-devel-windows-x86_64-gcc10-UCRT 0.1.0 ERROR
r-patched-linux-x86_64 0.1.0 4.25 50.21 54.46 OK
r-patched-solaris-x86 0.1.0 113.40 OK
r-release-linux-x86_64 0.1.0 4.31 50.58 54.89 OK
r-release-macos-arm64 0.1.0 OK
r-release-macos-x86_64 0.1.0 OK
r-release-windows-ix86+x86_64 0.1.0 13.00 75.00 88.00 OK
r-oldrel-macos-x86_64 0.1.0 OK
r-oldrel-windows-ix86+x86_64 0.1.0 13.00 58.00 71.00 OK

Check Details

Version: 0.1.0
Check: whether package can be installed
Result: WARN
    Found the following significant warnings:
     WARNING: installation-time patches will not be applied, could not get the patches index
Flavor: r-devel-windows-x86_64-gcc10-UCRT

Version: 0.1.0
Check: PDF version of manual
Result: WARN
    LaTeX errors when creating PDF version.
    This typically indicates Rd problems.
Flavor: r-devel-windows-x86_64-gcc10-UCRT

Version: 0.1.0
Check: PDF version of manual without hyperrefs or index
Result: ERROR
    Re-running with no redirection of stdout/stderr.
Flavor: r-devel-windows-x86_64-gcc10-UCRT