CRAN Package Check Results for Package NPflow

Last updated on 2022-09-27 21:53:55 CEST.

Flavor Version Tinstall Tcheck Ttotal Status Flags
r-devel-linux-x86_64-debian-clang 0.13.3 283.48 142.50 425.98 OK
r-devel-linux-x86_64-debian-gcc 0.13.3 217.88 102.14 320.02 OK
r-devel-linux-x86_64-fedora-clang 0.13.3 632.23 OK
r-devel-linux-x86_64-fedora-gcc 0.13.3 554.75 OK
r-devel-windows-x86_64 0.13.3 213.00 202.00 415.00 OK
r-patched-linux-x86_64 0.13.3 235.89 129.19 365.08 OK
r-release-linux-x86_64 0.13.3 228.01 130.58 358.59 OK
r-release-macos-arm64 0.13.3 118.00 NOTE
r-release-macos-x86_64 0.13.3 221.00 NOTE
r-release-windows-x86_64 0.13.3 225.00 181.00 406.00 OK
r-oldrel-macos-arm64 0.13.3 127.00 NOTE
r-oldrel-macos-x86_64 0.13.3 210.00 NOTE
r-oldrel-windows-ix86+x86_64 0.13.3 698.00 248.00 946.00 OK

Check Details

Version: 0.13.3
Check: installed package size
Result: NOTE
     installed size is 7.7Mb
     sub-directories of 1Mb or more:
     libs 7.0Mb
Flavors: r-release-macos-arm64, r-release-macos-x86_64, r-oldrel-macos-arm64, r-oldrel-macos-x86_64