CRAN Package Check Results for Package NPIstats

Last updated on 2021-12-07 20:52:46 CET.

Flavor Version Tinstall Tcheck Ttotal Status Flags
r-devel-linux-x86_64-debian-clang 0.1.0 2.12 32.50 34.62 OK
r-devel-linux-x86_64-debian-gcc 0.1.0 1.99 26.21 28.20 OK
r-devel-linux-x86_64-fedora-clang 0.1.0 44.47 NOTE
r-devel-linux-x86_64-fedora-gcc 0.1.0 33.62 NOTE
r-devel-windows-x86_64-new-UL 0.1.0 8.00 60.00 68.00 OK
r-devel-windows-x86_64-new-TK 0.1.0 NOTE
r-devel-windows-x86_64-old 0.1.0 4.00 51.00 55.00 OK
r-patched-linux-x86_64 0.1.0 2.11 31.79 33.90 OK
r-release-linux-x86_64 0.1.0 2.25 32.03 34.28 OK
r-release-macos-arm64 0.1.0 NOTE
r-release-macos-x86_64 0.1.0 NOTE
r-release-windows-ix86+x86_64 0.1.0 5.00 43.00 48.00 OK
r-oldrel-macos-x86_64 0.1.0 NOTE
r-oldrel-windows-ix86+x86_64 0.1.0 5.00 43.00 48.00 OK

Check Details

Version: 0.1.0
Check: dependencies in R code
Result: NOTE
    Namespace in Imports field not imported from: ‘dplyr’
     All declared Imports should be used.
Flavors: r-devel-linux-x86_64-fedora-clang, r-devel-linux-x86_64-fedora-gcc, r-devel-windows-x86_64-new-TK, r-release-macos-arm64, r-release-macos-x86_64, r-oldrel-macos-x86_64