Last updated on 2023-03-31 06:49:50 CEST.
Flavor | Version | Tinstall | Tcheck | Ttotal | Status | Flags |
---|---|---|---|---|---|---|
r-devel-linux-x86_64-debian-clang | 3.1.1 | 86.02 | 134.84 | 220.86 | NOTE | |
r-devel-linux-x86_64-debian-gcc | 3.1.1 | 66.17 | 100.28 | 166.45 | NOTE | |
r-devel-linux-x86_64-fedora-clang | 3.1.1 | 300.17 | NOTE | |||
r-devel-linux-x86_64-fedora-gcc | 3.1.1 | 293.68 | NOTE | |||
r-devel-windows-x86_64 | 3.1.1 | 107.00 | 196.00 | 303.00 | NOTE | |
r-patched-linux-x86_64 | 3.1.1 | 82.00 | 129.81 | 211.81 | NOTE | |
r-release-linux-x86_64 | 3.1.1 | 79.94 | 147.31 | 227.25 | OK | |
r-release-macos-arm64 | 3.1.1 | 122.00 | OK | |||
r-release-macos-x86_64 | 3.1.1 | 164.00 | OK | |||
r-release-windows-x86_64 | 3.1.1 | 94.00 | 196.00 | 290.00 | OK | |
r-oldrel-macos-arm64 | 3.1.1 | 122.00 | OK | |||
r-oldrel-macos-x86_64 | 3.1.1 | 146.00 | OK | |||
r-oldrel-windows-ix86+x86_64 | 3.1.1 | 190.00 | 197.00 | 387.00 | OK |
Version: 3.1.1
Check: C++ specification
Result: NOTE
Specified C++11: please drop specification unless essential
Flavors: r-devel-linux-x86_64-debian-clang, r-devel-linux-x86_64-debian-gcc, r-devel-linux-x86_64-fedora-clang, r-devel-linux-x86_64-fedora-gcc, r-devel-windows-x86_64, r-patched-linux-x86_64