CRAN Package Check Results for Package NMADiagT

Last updated on 2021-09-25 01:50:25 CEST.

Flavor Version Tinstall Tcheck Ttotal Status Flags
r-devel-linux-x86_64-debian-clang 0.1.2 17.75 254.73 272.48 NOTE
r-devel-linux-x86_64-debian-gcc 0.1.2 12.61 175.24 187.85 NOTE
r-devel-linux-x86_64-fedora-clang 0.1.2 340.58 NOTE
r-devel-linux-x86_64-fedora-gcc 0.1.2 328.24 NOTE
r-devel-windows-x86_64 0.1.2 16.00 233.00 249.00 NOTE
r-devel-windows-x86_64-gcc10-UCRT 0.1.2 NOTE
r-patched-linux-x86_64 0.1.2 16.38 249.26 265.64 NOTE
r-patched-solaris-x86 0.1.2 625.30 NOTE
r-release-linux-x86_64 0.1.2 15.41 247.20 262.61 NOTE
r-release-macos-arm64 0.1.2 NOTE
r-release-macos-x86_64 0.1.2 NOTE
r-release-windows-ix86+x86_64 0.1.2 34.00 286.00 320.00 NOTE
r-oldrel-macos-x86_64 0.1.2 OK
r-oldrel-windows-ix86+x86_64 0.1.2 27.00 229.00 256.00 OK

Check Details

Version: 0.1.2
Check: LazyData
Result: NOTE
     'LazyData' is specified without a 'data' directory
Flavors: r-devel-linux-x86_64-debian-clang, r-devel-linux-x86_64-debian-gcc, r-devel-linux-x86_64-fedora-clang, r-devel-linux-x86_64-fedora-gcc, r-devel-windows-x86_64, r-devel-windows-x86_64-gcc10-UCRT, r-patched-linux-x86_64, r-patched-solaris-x86, r-release-linux-x86_64, r-release-macos-arm64, r-release-macos-x86_64, r-release-windows-ix86+x86_64