Last updated on 2023-03-24 06:50:43 CET.
Flavor | Version | Tinstall | Tcheck | Ttotal | Status | Flags |
---|---|---|---|---|---|---|
r-devel-linux-x86_64-debian-clang | 0.3.0 | 2.22 | 86.87 | 89.09 | OK | |
r-devel-linux-x86_64-debian-gcc | 0.3.0 | 1.74 | 65.68 | 67.42 | OK | |
r-devel-linux-x86_64-fedora-clang | 0.3.0 | 123.13 | NOTE | |||
r-devel-linux-x86_64-fedora-gcc | 0.3.0 | 123.51 | NOTE | |||
r-devel-windows-x86_64 | 0.3.0 | 24.00 | 132.00 | 156.00 | OK | |
r-patched-linux-x86_64 | 0.3.0 | 2.38 | 84.23 | 86.61 | OK | |
r-release-linux-x86_64 | 0.3.0 | 1.78 | 85.70 | 87.48 | OK | |
r-release-macos-arm64 | 0.3.0 | 32.00 | NOTE | |||
r-release-macos-x86_64 | 0.3.0 | 46.00 | NOTE | |||
r-release-windows-x86_64 | 0.3.0 | 21.00 | 133.00 | 154.00 | OK | |
r-oldrel-macos-arm64 | 0.3.0 | 42.00 | NOTE | |||
r-oldrel-macos-x86_64 | 0.3.0 | 61.00 | NOTE | |||
r-oldrel-windows-ix86+x86_64 | 0.3.0 | 5.00 | 126.00 | 131.00 | OK |
Version: 0.3.0
Check: dependencies in R code
Result: NOTE
Namespace in Imports field not imported from: ‘tibble’
All declared Imports should be used.
Flavors: r-devel-linux-x86_64-fedora-clang, r-devel-linux-x86_64-fedora-gcc, r-release-macos-arm64, r-release-macos-x86_64, r-oldrel-macos-arm64, r-oldrel-macos-x86_64