CRAN Package Check Results for Package NFCP

Last updated on 2021-07-26 01:50:24 CEST.

Flavor Version Tinstall Tcheck Ttotal Status Flags
r-devel-linux-x86_64-debian-clang 1.1.0 4.63 104.76 109.39 OK
r-devel-linux-x86_64-debian-gcc 1.1.0 3.47 79.35 82.82 OK
r-devel-linux-x86_64-fedora-clang 1.1.0 136.39 NOTE
r-devel-linux-x86_64-fedora-gcc 1.1.0 127.00 NOTE
r-devel-windows-x86_64 1.1.0 7.00 132.00 139.00 OK
r-devel-windows-x86_64-gcc10-UCRT 1.1.0 NOTE
r-patched-linux-x86_64 1.1.0 5.00 100.40 105.40 OK
r-patched-solaris-x86 1.1.0 175.30 NOTE
r-release-linux-x86_64 1.1.0 4.00 101.90 105.90 OK
r-release-macos-arm64 1.1.0 NOTE
r-release-macos-x86_64 1.1.0 NOTE
r-release-windows-ix86+x86_64 1.1.0 8.00 93.00 101.00 OK
r-oldrel-macos-x86_64 1.1.0 NOTE
r-oldrel-windows-ix86+x86_64 1.1.0 7.00 137.00 144.00 OK

Check Details

Version: 1.1.0
Check: dependencies in R code
Result: NOTE
    Namespaces in Imports field not imported from:
     ‘Rdpack’ ‘curl’ ‘mathjaxr’
     All declared Imports should be used.
Flavors: r-devel-linux-x86_64-fedora-clang, r-devel-linux-x86_64-fedora-gcc, r-devel-windows-x86_64-gcc10-UCRT, r-patched-solaris-x86, r-release-macos-arm64, r-release-macos-x86_64, r-oldrel-macos-x86_64