CRAN Package Check Results for Package NEONiso

Last updated on 2021-07-25 23:00:22 CEST.

Flavor Version Tinstall Tcheck Ttotal Status Flags
r-devel-linux-x86_64-debian-clang 0.5.0 10.73 144.90 155.63 OK
r-devel-linux-x86_64-debian-gcc 0.5.0 8.33 105.07 113.40 OK
r-devel-linux-x86_64-fedora-clang 0.5.0 185.73 NOTE
r-devel-linux-x86_64-fedora-gcc 0.5.0 173.72 NOTE
r-devel-windows-x86_64 0.5.0 16.00 202.00 218.00 OK
r-devel-windows-x86_64-gcc10-UCRT 0.5.0 NOTE
r-patched-linux-x86_64 0.5.0 10.88 133.47 144.35 OK
r-patched-solaris-x86 0.5.0 229.90 NOTE
r-release-linux-x86_64 0.5.0 10.52 136.60 147.12 OK
r-release-macos-arm64 0.4.0 NOTE
r-release-macos-x86_64 0.5.0 NOTE
r-release-windows-ix86+x86_64 0.5.0 21.00 134.00 155.00 OK
r-oldrel-macos-x86_64 0.5.0 ERROR
r-oldrel-windows-ix86+x86_64 0.5.0 15.00 199.00 214.00 OK

Check Details

Version: 0.5.0
Check: dependencies in R code
Result: NOTE
    Namespaces in Imports field not imported from:
     ‘downloader’ ‘jsonlite’
     All declared Imports should be used.
Flavors: r-devel-linux-x86_64-fedora-clang, r-devel-linux-x86_64-fedora-gcc, r-devel-windows-x86_64-gcc10-UCRT, r-patched-solaris-x86, r-release-macos-x86_64

Version: 0.4.0
Check: dependencies in R code
Result: NOTE
    Namespaces in Imports field not imported from:
     ‘data.table’ ‘downloader’ ‘jsonlite’
     All declared Imports should be used.
Flavor: r-release-macos-arm64

Version: 0.4.0
Check: LazyData
Result: NOTE
     'LazyData' is specified without a 'data' directory
Flavor: r-release-macos-arm64

Version: 0.5.0
Check: package dependencies
Result: ERROR
    Package required and available but unsuitable version: ‘rhdf5’
    
    See section ‘The DESCRIPTION file’ in the ‘Writing R Extensions’
    manual.
Flavor: r-oldrel-macos-x86_64