CRAN Package Check Results for Package NBAloveR

Last updated on 2022-09-28 00:52:47 CEST.

Flavor Version Tinstall Tcheck Ttotal Status Flags
r-devel-linux-x86_64-debian-clang 0.1.3.3 2.42 29.20 31.62 OK
r-devel-linux-x86_64-debian-gcc 0.1.3.3 2.05 22.77 24.82 OK
r-devel-linux-x86_64-fedora-clang 0.1.3.3 50.78 NOTE
r-devel-linux-x86_64-fedora-gcc 0.1.3.3 48.28 NOTE
r-devel-windows-x86_64 0.1.3.3 13.00 63.00 76.00 OK
r-patched-linux-x86_64 0.1.3.3 3.02 27.20 30.22 OK
r-release-linux-x86_64 0.1.3.3 2.24 27.29 29.53 OK
r-release-macos-arm64 0.1.3.3 16.00 NOTE
r-release-macos-x86_64 0.1.3.3 29.00 NOTE
r-release-windows-x86_64 0.1.3.3 11.00 58.00 69.00 OK
r-oldrel-macos-arm64 0.1.3.3 19.00 NOTE
r-oldrel-macos-x86_64 0.1.3.3 30.00 NOTE
r-oldrel-windows-ix86+x86_64 0.1.3.3 7.00 57.00 64.00 OK

Check Details

Version: 0.1.3.3
Check: data for non-ASCII characters
Result: NOTE
     Note: found 140 marked UTF-8 strings
Flavors: r-devel-linux-x86_64-fedora-clang, r-devel-linux-x86_64-fedora-gcc, r-release-macos-arm64, r-release-macos-x86_64, r-oldrel-macos-arm64, r-oldrel-macos-x86_64