Last updated on 2023-03-22 12:53:54 CET.
Flavor | Version | Tinstall | Tcheck | Ttotal | Status | Flags |
---|---|---|---|---|---|---|
r-devel-linux-x86_64-debian-clang | 1.1.3 | 18.75 | 571.36 | 590.11 | OK | |
r-devel-linux-x86_64-debian-gcc | 1.1.3 | 17.46 | 434.02 | 451.48 | OK | |
r-devel-linux-x86_64-fedora-clang | 1.1.3 | 715.53 | NOTE | |||
r-devel-linux-x86_64-fedora-gcc | 1.1.3 | 739.81 | NOTE | |||
r-devel-windows-x86_64 | 1.1.3 | 36.00 | 623.00 | 659.00 | OK | |
r-patched-linux-x86_64 | 1.1.3 | 22.70 | 558.48 | 581.18 | OK | |
r-release-linux-x86_64 | 1.1.3 | 16.85 | 557.34 | 574.19 | OK | |
r-release-macos-arm64 | 1.1.3 | 137.00 | OK | |||
r-release-macos-x86_64 | 1.1.3 | 273.00 | OK | |||
r-release-windows-x86_64 | 1.1.3 | 39.00 | 670.00 | 709.00 | OK | |
r-oldrel-macos-arm64 | 1.1.3 | 152.00 | OK | |||
r-oldrel-macos-x86_64 | 1.1.3 | 274.00 | OK | |||
r-oldrel-windows-ix86+x86_64 | 1.1.3 | 39.00 | 690.00 | 729.00 | OK |
Version: 1.1.3
Check: dependencies in R code
Result: NOTE
Namespaces in Imports field not imported from:
‘Kendall’ ‘perm’
All declared Imports should be used.
Flavors: r-devel-linux-x86_64-fedora-clang, r-devel-linux-x86_64-fedora-gcc
Version: 1.1.3
Check: data for non-ASCII characters
Result: NOTE
Note: found 63 marked UTF-8 strings
Flavors: r-devel-linux-x86_64-fedora-clang, r-devel-linux-x86_64-fedora-gcc