CRAN Package Check Results for Package NACHO

Last updated on 2021-06-23 07:50:25 CEST.

Flavor Version Tinstall Tcheck Ttotal Status Flags
r-devel-linux-x86_64-debian-clang 1.1.0 9.98 267.67 277.65 OK
r-devel-linux-x86_64-debian-gcc 1.1.0 7.74 167.68 175.42 OK
r-devel-linux-x86_64-fedora-clang 1.1.0 338.55 OK
r-devel-linux-x86_64-fedora-gcc 1.1.0 316.17 OK
r-devel-windows-x86_64 1.1.0 15.00 264.00 279.00 OK
r-devel-windows-x86_64-gcc10-UCRT 1.1.0 NOTE
r-patched-linux-x86_64 1.1.0 9.38 251.16 260.54 OK
r-patched-solaris-x86 1.1.0 350.50 OK
r-release-linux-x86_64 1.1.0 7.74 252.74 260.48 OK
r-release-macos-arm64 1.1.0 NOTE
r-release-macos-x86_64 1.1.0 OK
r-release-windows-ix86+x86_64 1.1.0 14.00 210.00 224.00 OK
r-oldrel-macos-x86_64 1.1.0 OK

Check Details

Version: 1.1.0
Check: package dependencies
Result: NOTE
    Packages suggested but not available for checking: 'covr', 'GEOquery'
Flavor: r-devel-windows-x86_64-gcc10-UCRT

Version: 1.1.0
Check: package dependencies
Result: NOTE
    Package suggested but not available for checking: ‘GEOquery’
Flavor: r-release-macos-arm64