Last updated on 2023-02-01 21:54:59 CET.
Flavor | Version | Tinstall | Tcheck | Ttotal | Status | Flags |
---|---|---|---|---|---|---|
r-devel-linux-x86_64-debian-clang | 1.1.3 | 8.78 | 80.53 | 89.31 | OK | |
r-devel-linux-x86_64-debian-gcc | 1.1.3 | 7.48 | 60.50 | 67.98 | OK | |
r-devel-linux-x86_64-fedora-clang | 1.1.3 | 109.99 | NOTE | |||
r-devel-linux-x86_64-fedora-gcc | 1.1.3 | 129.33 | NOTE | |||
r-devel-windows-x86_64 | 1.1.3 | 16.00 | 116.00 | 132.00 | OK | |
r-patched-linux-x86_64 | 1.1.3 | 7.52 | 77.52 | 85.04 | OK | |
r-release-linux-x86_64 | 1.1.3 | 7.68 | 77.39 | 85.07 | OK | |
r-release-macos-arm64 | 1.1.3 | 31.00 | NOTE | |||
r-release-macos-x86_64 | 1.1.3 | 47.00 | NOTE | |||
r-release-windows-x86_64 | 1.1.3 | 19.00 | 116.00 | 135.00 | OK | |
r-oldrel-macos-arm64 | 1.1.3 | 40.00 | NOTE | |||
r-oldrel-macos-x86_64 | 1.1.3 | 59.00 | NOTE | |||
r-oldrel-windows-ix86+x86_64 | 1.1.3 | 20.00 | 106.00 | 126.00 | OK |
Version: 1.1.3
Check: data for non-ASCII characters
Result: NOTE
Note: found 6 marked UTF-8 strings
Flavors: r-devel-linux-x86_64-fedora-clang, r-devel-linux-x86_64-fedora-gcc, r-release-macos-arm64, r-release-macos-x86_64, r-oldrel-macos-arm64, r-oldrel-macos-x86_64