CRAN Package Check Results for Package MultiBD

Last updated on 2024-02-21 06:53:15 CET.

Flavor Version Tinstall Tcheck Ttotal Status Flags
r-devel-linux-x86_64-debian-clang 0.2.0 NOTE
r-devel-linux-x86_64-debian-gcc 0.2.0 83.74 112.44 196.18 NOTE
r-devel-linux-x86_64-fedora-clang 0.2.0 359.04 NOTE
r-devel-linux-x86_64-fedora-gcc 0.2.0 379.53 NOTE
r-devel-windows-x86_64 0.2.0 86.00 146.00 232.00 NOTE
r-patched-linux-x86_64 0.2.0 106.43 160.75 267.18 NOTE
r-release-linux-x86_64 0.2.0 109.09 159.73 268.82 NOTE
r-release-macos-arm64 0.2.0 84.00 NOTE
r-release-macos-x86_64 0.2.0 177.00 NOTE
r-release-windows-x86_64 0.2.0 83.00 166.00 249.00 NOTE
r-oldrel-macos-arm64 0.2.0 77.00 NOTE
r-oldrel-windows-x86_64 0.2.0 111.00 162.00 273.00 OK

Additional issues

Intel

Check Details

Version: 0.2.0
Check: C++ specification
Result: NOTE Specified C++11: please drop specification unless essential Flavors: r-devel-linux-x86_64-debian-clang, r-devel-linux-x86_64-debian-gcc, r-devel-linux-x86_64-fedora-clang, r-devel-linux-x86_64-fedora-gcc, r-devel-windows-x86_64, r-patched-linux-x86_64, r-release-linux-x86_64, r-release-macos-arm64, r-release-macos-x86_64, r-release-windows-x86_64

Version: 0.2.0
Check: compiled code
Result: NOTE File ‘MultiBD/libs/MultiBD.so’: Found no calls to: ‘R_registerRoutines’, ‘R_useDynamicSymbols’ It is good practice to register native routines and to disable symbol search. See ‘Writing portable packages’ in the ‘Writing R Extensions’ manual. Flavors: r-devel-linux-x86_64-fedora-clang, r-devel-linux-x86_64-fedora-gcc

Version: 0.2.0
Check: installed package size
Result: NOTE installed size is 6.5Mb sub-directories of 1Mb or more: libs 4.9Mb Flavors: r-release-macos-arm64, r-release-macos-x86_64, r-oldrel-macos-arm64